{"id":1033,"date":"2023-08-10T20:52:22","date_gmt":"2023-08-10T18:52:22","guid":{"rendered":"https:\/\/weekop.dominicains.com\/?page_id=1033"},"modified":"2025-08-06T12:07:30","modified_gmt":"2025-08-06T10:07:30","slug":"credo","status":"publish","type":"page","link":"https:\/\/weekop.dominicains.com\/index.php\/accueil\/prier\/chapelet\/credo\/","title":{"rendered":"Credo"},"content":{"rendered":"\n<p>Je crois en Dieu,<br>le P\u00e8re Tout-Puissant,<br>Cr\u00e9ateur du ciel et de la terre.<br>Et en J\u00e9sus-Christ,\u00a0son Fils unique notre Seigneur,<br>qui a \u00e9t\u00e9 con\u00e7u du Saint-Esprit,<br>est n\u00e9 de la Vierge Marie,<br>a souffert sous Ponce Pilate,<br>a \u00e9t\u00e9 crucifi\u00e9,\u00a0est mort<br>et a \u00e9t\u00e9 enseveli,<br>est descendu aux enfers.<\/p>\n\n\n\n<p>Le troisi\u00e8me jour est ressuscit\u00e9 des morts,<br>est mont\u00e9 aux cieux,<br>est assis \u00e0 la droite de Dieu le P\u00e8re<br>Tout-Puissant,<br>d\u2019o\u00f9 Il viendra juger les vivants et les morts.\u00a0<br>Je crois en l\u2019Esprit Saint,<br>\u00e0 la sainte \u00c9glise catholique,<br>\u00e0 la communion des saints,<br>\u00e0 la r\u00e9mission des p\u00e9ch\u00e9s,<br>\u00e0 la r\u00e9surrection de la chair,<br>\u00e0 la vie \u00e9ternelle,<br>Amen<\/p>\n","protected":false},"excerpt":{"rendered":"<p>Je crois en Dieu,le P\u00e8re Tout-Puissant,Cr\u00e9ateur du ciel et de la terre.Et en J\u00e9sus-Christ,\u00a0son Fils unique notre Seigneur,qui a \u00e9t\u00e9 con\u00e7u du Saint-Esprit,est n\u00e9 de la Vierge Marie,a souffert sous Ponce Pilate,a \u00e9t\u00e9 crucifi\u00e9,\u00a0est mortet a \u00e9t\u00e9 enseveli,est descendu aux enfers. Le troisi\u00e8me jour est ressuscit\u00e9 des morts,est mont\u00e9 aux cieux,est assis \u00e0 la droite &hellip; <a href=\"https:\/\/weekop.dominicains.com\/index.php\/accueil\/prier\/chapelet\/credo\/\" class=\"more-link\">Continuer la lecture<span class=\"screen-reader-text\"> de &laquo;&nbsp;Credo&nbsp;&raquo;<\/span><\/a><\/p>\n","protected":false},"author":1,"featured_media":0,"parent":561,"menu_order":0,"comment_status":"closed","ping_status":"closed","template":"","meta":{"footnotes":""},"class_list":["post-1033","page","type-page","status-publish","hentry"],"_links":{"self":[{"href":"https:\/\/weekop.dominicains.com\/index.php\/wp-json\/wp\/v2\/pages\/1033","targetHints":{"allow":["GET"]}}],"collection":[{"href":"https:\/\/weekop.dominicains.com\/index.php\/wp-json\/wp\/v2\/pages"}],"about":[{"href":"https:\/\/weekop.dominicains.com\/index.php\/wp-json\/wp\/v2\/types\/page"}],"author":[{"embeddable":true,"href":"https:\/\/weekop.dominicains.com\/index.php\/wp-json\/wp\/v2\/users\/1"}],"replies":[{"embeddable":true,"href":"https:\/\/weekop.dominicains.com\/index.php\/wp-json\/wp\/v2\/comments?post=1033"}],"version-history":[{"count":1,"href":"https:\/\/weekop.dominicains.com\/index.php\/wp-json\/wp\/v2\/pages\/1033\/revisions"}],"predecessor-version":[{"id":1034,"href":"https:\/\/weekop.dominicains.com\/index.php\/wp-json\/wp\/v2\/pages\/1033\/revisions\/1034"}],"up":[{"embeddable":true,"href":"https:\/\/weekop.dominicains.com\/index.php\/wp-json\/wp\/v2\/pages\/561"}],"wp:attachment":[{"href":"https:\/\/weekop.dominicains.com\/index.php\/wp-json\/wp\/v2\/media?parent=1033"}],"curies":[{"name":"wp","href":"https:\/\/api.w.org\/{rel}","templated":true}]}}

<p>Je crois en Dieu,<br>le Père Tout-Puissant,<br>Créateur du ciel et de la terre.<br>Et en Jésus-Christ, son Fils unique notre Seigneur,<br>qui a été conçu du Saint-Esprit,<br>est né de la Vierge Marie,<br>a souffert sous Ponce Pilate,<br>a été crucifié, est mort<br>et a été enseveli,<br>est descendu aux enfers.</p>



<p>Le troisième jour est ressuscité des morts,<br>est monté aux cieux,<br>est assis à la droite de Dieu le Père<br>Tout-Puissant,<br>d’où Il viendra juger les vivants et les morts. <br>Je crois en l’Esprit Saint,<br>à la sainte Église catholique,<br>à la communion des saints,<br>à la rémission des péchés,<br>à la résurrection de la chair,<br>à la vie éternelle,<br>Amen</p>

<p>Je crois en Dieu,le Père Tout-Puissant,Créateur du ciel et de la terre.Et en Jésus-Christ, son Fils unique notre Seigneur,qui a été conçu du Saint-Esprit,est né de la Vierge Marie,a souffert sous Ponce Pilate,a été crucifié, est mortet a été enseveli,est descendu aux enfers. Le troisième jour est ressuscité des morts,est monté aux cieux,est assis à la droite &hellip; <a href="https://weekop.dominicains.com/index.php/accueil/prier/chapelet/credo/" class="more-link">Continuer la lecture<span class="screen-reader-text"> de &laquo;&nbsp;Credo&nbsp;&raquo;</span></a></p>
