{"id":1041,"date":"2023-08-10T20:56:49","date_gmt":"2023-08-10T18:56:49","guid":{"rendered":"https:\/\/weekop.dominicains.com\/?page_id=1041"},"modified":"2025-08-06T12:07:40","modified_gmt":"2025-08-06T10:07:40","slug":"gloire-au-pere","status":"publish","type":"page","link":"https:\/\/weekop.dominicains.com\/index.php\/accueil\/prier\/chapelet\/gloire-au-pere\/","title":{"rendered":"Gloire au P\u00e8re"},"content":{"rendered":"\n<p>Gloire au P\u00e8re, et au Fils, et au Saint-Esprit.<br>Comme il \u00e9tait au commencement, maintenant et toujours,<br>Et dans les si\u00e8cles des si\u00e8cles.<br>Amen.<\/p>\n","protected":false},"excerpt":{"rendered":"<p>Gloire au P\u00e8re, et au Fils, et au Saint-Esprit.Comme il \u00e9tait au commencement, maintenant et toujours,Et dans les si\u00e8cles des si\u00e8cles.Amen.<\/p>\n","protected":false},"author":1,"featured_media":0,"parent":561,"menu_order":0,"comment_status":"closed","ping_status":"closed","template":"","meta":{"footnotes":""},"class_list":["post-1041","page","type-page","status-publish","hentry"],"_links":{"self":[{"href":"https:\/\/weekop.dominicains.com\/index.php\/wp-json\/wp\/v2\/pages\/1041","targetHints":{"allow":["GET"]}}],"collection":[{"href":"https:\/\/weekop.dominicains.com\/index.php\/wp-json\/wp\/v2\/pages"}],"about":[{"href":"https:\/\/weekop.dominicains.com\/index.php\/wp-json\/wp\/v2\/types\/page"}],"author":[{"embeddable":true,"href":"https:\/\/weekop.dominicains.com\/index.php\/wp-json\/wp\/v2\/users\/1"}],"replies":[{"embeddable":true,"href":"https:\/\/weekop.dominicains.com\/index.php\/wp-json\/wp\/v2\/comments?post=1041"}],"version-history":[{"count":1,"href":"https:\/\/weekop.dominicains.com\/index.php\/wp-json\/wp\/v2\/pages\/1041\/revisions"}],"predecessor-version":[{"id":1042,"href":"https:\/\/weekop.dominicains.com\/index.php\/wp-json\/wp\/v2\/pages\/1041\/revisions\/1042"}],"up":[{"embeddable":true,"href":"https:\/\/weekop.dominicains.com\/index.php\/wp-json\/wp\/v2\/pages\/561"}],"wp:attachment":[{"href":"https:\/\/weekop.dominicains.com\/index.php\/wp-json\/wp\/v2\/media?parent=1041"}],"curies":[{"name":"wp","href":"https:\/\/api.w.org\/{rel}","templated":true}]}}