{"id":1046,"date":"2023-08-10T21:11:23","date_gmt":"2023-08-10T19:11:23","guid":{"rendered":"https:\/\/weekop.dominicains.com\/?page_id=1046"},"modified":"2025-08-06T12:07:58","modified_gmt":"2025-08-06T10:07:58","slug":"mysteres-joyeux","status":"publish","type":"page","link":"https:\/\/weekop.dominicains.com\/index.php\/accueil\/prier\/chapelet\/mysteres-joyeux\/","title":{"rendered":"Myst\u00e8res joyeux"},"content":{"rendered":"\n<h2 class=\"wp-block-heading has-light-blue-background-color has-background\">1er myst\u00e8re joyeux : L&rsquo;Annonciation<\/h2>\n\n\n\n<h3 class=\"wp-block-heading\">Fruit du myst\u00e8re : L&rsquo;humilit\u00e9<\/h3>\n\n\n\n<blockquote class=\"wp-block-quote is-layout-flow wp-block-quote-is-layout-flow\">\n<p>Le sixi\u00e8me mois, l\u2019ange Gabriel fut envoy\u00e9 par Dieu dans une ville de Galil\u00e9e, appel\u00e9e Nazareth, \u00e0 une vierge, accord\u00e9e en mariage \u00e0 un homme de la maison de David, appel\u00e9 Joseph&nbsp;; et le nom de la vierge \u00e9tait Marie.<\/p>\n<cite>Lc 1, 26-27<\/cite><\/blockquote>\n\n\n\n<h2 class=\"wp-block-heading has-light-blue-background-color has-background\">2\u00e8me myst\u00e8re joyeux : La Visitation<\/h2>\n\n\n\n<h3 class=\"wp-block-heading\">Fruit du myst\u00e8re : La charit\u00e9 fraternelle<\/h3>\n\n\n\n<blockquote class=\"wp-block-quote is-layout-flow wp-block-quote-is-layout-flow\">\n<p>En ces jours-l\u00e0, Marie se mit en route rapidement vers une ville de la montagne de Jud\u00e9e. Elle entra dans la maison de Zacharie et salua \u00c9lisabeth. Or, quand \u00c9lisabeth entendit la salutation de Marie, l\u2019enfant tressaillit en elle. Alors, \u00c9lisabeth fut remplie de l\u2019Esprit Saint, et s\u2019\u00e9cria d\u2019une voie forte: \u00ab\u00a0Tu es b\u00e9nie entre toutes les femmes, et le fruit de tes entrailles est b\u00e9ni !\u00a0\u00bb<\/p>\n<cite>Lc 1, 39-42<\/cite><\/blockquote>\n\n\n\n<h2 class=\"wp-block-heading has-light-blue-background-color has-background\">3\u00e8me myst\u00e8re joyeux : La Nativit\u00e9<\/h2>\n\n\n\n<h3 class=\"wp-block-heading\">Fruit du myst\u00e8re : L&rsquo;esprit de pauvret\u00e9<\/h3>\n\n\n\n<blockquote class=\"wp-block-quote is-layout-flow wp-block-quote-is-layout-flow\">\n<p>En ces jours-l\u00e0, parut un \u00e9dit de l\u2019empereur, ordonnant de recenser toute la terre &#8211; ce premier recensement eut lieu lorsque Quirinius \u00e9tait gouverneur de Syrie. Et chacun allait se faire inscrire dans sa ville d&rsquo;origine. Joseph, lui aussi, quitta la ville de Nazareth en Galil\u00e9e, pour monter en Jud\u00e9e, \u00e0 la ville de David appel\u00e9e Bethl\u00e9em, car il \u00e9tait de la maison et de la descendance de David. Il venait se faire inscrire avec Marie, son \u00e9pouse, qui \u00e9tait enceinte. Or, pendant qu\u2019ils \u00e9taient l\u00e0, arriv\u00e8rent les jours o\u00f9 elle devait enfanter. Et elle mit au monde son fils premier-n\u00e9; elle l\u2019emmaillota et le coucha dans une mangeoire, car il n\u2019y avait pas de place pour eux dans la salle commune.<\/p>\n<cite>Lc 2, 1-7<\/cite><\/blockquote>\n\n\n\n<h2 class=\"wp-block-heading has-light-blue-background-color has-background\">4\u00e8me myst\u00e8re joyeux : La Pr\u00e9sentation de J\u00e9sus au Temple<\/h2>\n\n\n\n<h3 class=\"wp-block-heading\">Fruit du myst\u00e8re : L&rsquo;ob\u00e9issance et la puret\u00e9<\/h3>\n\n\n\n<blockquote class=\"wp-block-quote is-layout-flow wp-block-quote-is-layout-flow\">\n<p>Quand arriva le huiti\u00e8me jour, celui de la circoncision, l\u2019enfant re\u00e7ut le nom de J\u00e9sus, le nom que l\u2019ange lui avait donn\u00e9 avant sa conception. Quand arriva le jour fix\u00e9 par la loi de Mo\u00efse pour la purification, les parents de J\u00e9sus le port\u00e8rent \u00e0 J\u00e9rusalem pour le pr\u00e9senter au Seigneur, selon ce qui est \u00e9crit dans la Loi : Tout premier-n\u00e9 de sexe masculin sera consacr\u00e9 au Seigneur.<\/p>\n<cite>Lc 2, 21-24<\/cite><\/blockquote>\n\n\n\n<h2 class=\"wp-block-heading has-light-blue-background-color has-background\">5\u00e8me myst\u00e8re joyeux : Le Recouvrement de J\u00e9sus au Temple<\/h2>\n\n\n\n<h3 class=\"wp-block-heading\">Fruit du myst\u00e8re : La recherche de Dieu en toute chose<\/h3>\n\n\n\n<blockquote class=\"wp-block-quote is-layout-flow wp-block-quote-is-layout-flow\">\n<p>Chaque ann\u00e9e, les parents de J\u00e9sus allaient \u00e0 J\u00e9rusalem pour la f\u00eate de la P\u00e2que. Quand il eut douze ans, ils firent le p\u00e8lerinage suivant la coutume. Comme ils s\u2019en retournaient \u00e0 la fin de la semaine, le jeune J\u00e9sus resta \u00e0 J\u00e9rusalem sans que ses parents s\u2019en aper\u00e7oivent. Pensant qu\u2019il \u00e9tait avec leurs compagnons de route, ils firent une journ\u00e9e de chemin avant de le chercher parmi leurs parents et connaissances. Ne le trouvant pas, ils revinrent \u00e0 J\u00e9rusalem en continuant \u00e0 le chercher. C\u2019est au bout de trois jours qu\u2019ils le retrouv\u00e8rent dans le Temple, assis au milieu des docteurs de la Loi: il les \u00e9coutait et leur posait des questions, et tous ceux qui l\u2019entendaient s\u2019extasiaient sur son intelligence et sur ses r\u00e9ponses<\/p>\n<cite>Lc 2, 41-41<\/cite><\/blockquote>\n\n\n\n<p><\/p>\n","protected":false},"excerpt":{"rendered":"<p>1er myst\u00e8re joyeux : L&rsquo;Annonciation Fruit du myst\u00e8re : L&rsquo;humilit\u00e9 Le sixi\u00e8me mois, l\u2019ange Gabriel fut envoy\u00e9 par Dieu dans une ville de Galil\u00e9e, appel\u00e9e Nazareth, \u00e0 une vierge, accord\u00e9e en mariage \u00e0 un homme de la maison de David, appel\u00e9 Joseph&nbsp;; et le nom de la vierge \u00e9tait Marie. Lc 1, 26-27 2\u00e8me myst\u00e8re &hellip; <a href=\"https:\/\/weekop.dominicains.com\/index.php\/accueil\/prier\/chapelet\/mysteres-joyeux\/\" class=\"more-link\">Continuer la lecture<span class=\"screen-reader-text\"> de &laquo;&nbsp;Myst\u00e8res joyeux&nbsp;&raquo;<\/span><\/a><\/p>\n","protected":false},"author":1,"featured_media":0,"parent":561,"menu_order":0,"comment_status":"closed","ping_status":"closed","template":"","meta":{"footnotes":""},"class_list":["post-1046","page","type-page","status-publish","hentry"],"_links":{"self":[{"href":"https:\/\/weekop.dominicains.com\/index.php\/wp-json\/wp\/v2\/pages\/1046","targetHints":{"allow":["GET"]}}],"collection":[{"href":"https:\/\/weekop.dominicains.com\/index.php\/wp-json\/wp\/v2\/pages"}],"about":[{"href":"https:\/\/weekop.dominicains.com\/index.php\/wp-json\/wp\/v2\/types\/page"}],"author":[{"embeddable":true,"href":"https:\/\/weekop.dominicains.com\/index.php\/wp-json\/wp\/v2\/users\/1"}],"replies":[{"embeddable":true,"href":"https:\/\/weekop.dominicains.com\/index.php\/wp-json\/wp\/v2\/comments?post=1046"}],"version-history":[{"count":3,"href":"https:\/\/weekop.dominicains.com\/index.php\/wp-json\/wp\/v2\/pages\/1046\/revisions"}],"predecessor-version":[{"id":1524,"href":"https:\/\/weekop.dominicains.com\/index.php\/wp-json\/wp\/v2\/pages\/1046\/revisions\/1524"}],"up":[{"embeddable":true,"href":"https:\/\/weekop.dominicains.com\/index.php\/wp-json\/wp\/v2\/pages\/561"}],"wp:attachment":[{"href":"https:\/\/weekop.dominicains.com\/index.php\/wp-json\/wp\/v2\/media?parent=1046"}],"curies":[{"name":"wp","href":"https:\/\/api.w.org\/{rel}","templated":true}]}}