{"id":1051,"date":"2023-08-10T21:17:43","date_gmt":"2023-08-10T19:17:43","guid":{"rendered":"https:\/\/weekop.dominicains.com\/?page_id=1051"},"modified":"2025-08-06T12:07:59","modified_gmt":"2025-08-06T10:07:59","slug":"mysteres-lumineux","status":"publish","type":"page","link":"https:\/\/weekop.dominicains.com\/index.php\/accueil\/prier\/chapelet\/mysteres-lumineux\/","title":{"rendered":"Myst\u00e8res lumineux"},"content":{"rendered":"\n<h2 class=\"wp-block-heading has-yellow-background-color has-background\">1er myst\u00e8re lumineux : Le bapt\u00eame du Christ<\/h2>\n\n\n\n<h3 class=\"wp-block-heading\">Fruit du myst\u00e8re : L&rsquo;\u00e9tat de gr\u00e2ce baptismale<\/h3>\n\n\n\n<blockquote class=\"wp-block-quote is-layout-flow wp-block-quote-is-layout-flow\">\n<p>D\u00e8s que J\u00e9sus fut baptis\u00e9, il sortit de l\u2019eau; voici que les cieux s\u2019ouvrirent, et il vit l\u2019Esprit de Dieu descendre comme une colombe et venir sur lui. Et des cieux, une voix disait : \u00ab\u00a0Celui-ci est mon Fils bien-aim\u00e9; en lui j\u2019ai mis tout mon amour.\u00a0\u00bb<\/p>\n<cite>Mt 3, 16-17<\/cite><\/blockquote>\n\n\n\n<h2 class=\"wp-block-heading has-yellow-background-color has-background\">2\u00e8me myst\u00e8re lumineux : Les noces de Cana<\/h2>\n\n\n\n<h3 class=\"wp-block-heading\">Fruit du myst\u00e8re : La confiance<\/h3>\n\n\n\n<blockquote class=\"wp-block-quote is-layout-flow wp-block-quote-is-layout-flow\">\n<p>Trois jours plus tard, il y avait un mariage \u00e0 Cana en Galil\u00e9e. La m\u00e8re de J\u00e9sus \u00e9tait l\u00e0. J\u00e9sus aussi avait \u00e9t\u00e9 invit\u00e9 au repas de noces avec ses disciples. Or, on manqua de vin; la m\u00e8re de J\u00e9sus lui dit : \u00ab\u00a0Ils n\u2019ont plus de vin\u00a0\u00bb. J\u00e9sus r\u00e9pondit : \u00ab\u00a0Femme, que me veux-tu ? Mon heure n\u2019est pas encore venue\u00a0\u00bb. Sa m\u00e8re dit aux serviteurs : \u00ab\u00a0Faites tout ce qu\u2019il vous dira.\u00a0\u00bb<\/p>\n<cite>Jn 2, 1-5<\/cite><\/blockquote>\n\n\n\n<h2 class=\"wp-block-heading has-yellow-background-color has-background\">3\u00e8me myst\u00e8re lumineux : L&rsquo;annonce du Royaume<\/h2>\n\n\n\n<h3 class=\"wp-block-heading\">Fruit du myst\u00e8re : La conversion<\/h3>\n\n\n\n<blockquote class=\"wp-block-quote is-layout-flow wp-block-quote-is-layout-flow\">\n<p>Les temps sont accomplis: le r\u00e8gne de Dieu est tout proche. Convertissez-vous et croyez \u00e0 la Bonne Nouvelle<\/p>\n<cite>Mt 1, 15<\/cite><\/blockquote>\n\n\n\n<h2 class=\"wp-block-heading has-yellow-background-color has-background\">4\u00e8me myst\u00e8re lumineux : La Transfiguration<\/h2>\n\n\n\n<h3 class=\"wp-block-heading\">Fruit du myst\u00e8re : La gr\u00e2ce d&rsquo;une vie int\u00e9rieure<\/h3>\n\n\n\n<blockquote class=\"wp-block-quote is-layout-flow wp-block-quote-is-layout-flow\">\n<p>Six jours apr\u00e8s, J\u00e9sus prend avec lui Pierre, Jacques et Jean son fr\u00e8re, et il les emm\u00e8ne \u00e0 l\u2019\u00e9cart, sur une haute montagne. Il fut transfigur\u00e9 devant eux; son visage devint brillant comme le soleil, et ses v\u00eatements, blancs comme la lumi\u00e8re<\/p>\n<cite>Mt 17, 1-2<\/cite><\/blockquote>\n\n\n\n<h2 class=\"wp-block-heading has-yellow-background-color has-background\">5\u00e8me myst\u00e8re lumineux : L&rsquo;institution de l&rsquo;Eucharistie<\/h2>\n\n\n\n<h3 class=\"wp-block-heading\">Fruit du myst\u00e8re : La d\u00e9votion au Saint-Sacrement<\/h3>\n\n\n\n<blockquote class=\"wp-block-quote is-layout-flow wp-block-quote-is-layout-flow\">\n<p>Pendant le repas, J\u00e9sus prit du pain, pronon\u00e7a la b\u00e9n\u00e9diction, le rompit et le donna \u00e0 ses disciples, en disant: \u00ab\u00a0Prenez, mangez: ceci est mon corps\u00a0\u00bb<\/p>\n<cite>Mt 26, 26<\/cite><\/blockquote>\n","protected":false},"excerpt":{"rendered":"<p>1er myst\u00e8re lumineux : Le bapt\u00eame du Christ Fruit du myst\u00e8re : L&rsquo;\u00e9tat de gr\u00e2ce baptismale D\u00e8s que J\u00e9sus fut baptis\u00e9, il sortit de l\u2019eau; voici que les cieux s\u2019ouvrirent, et il vit l\u2019Esprit de Dieu descendre comme une colombe et venir sur lui. Et des cieux, une voix disait : \u00ab\u00a0Celui-ci est mon Fils &hellip; <a href=\"https:\/\/weekop.dominicains.com\/index.php\/accueil\/prier\/chapelet\/mysteres-lumineux\/\" class=\"more-link\">Continuer la lecture<span class=\"screen-reader-text\"> de &laquo;&nbsp;Myst\u00e8res lumineux&nbsp;&raquo;<\/span><\/a><\/p>\n","protected":false},"author":1,"featured_media":0,"parent":561,"menu_order":0,"comment_status":"closed","ping_status":"closed","template":"","meta":{"footnotes":""},"class_list":["post-1051","page","type-page","status-publish","hentry"],"_links":{"self":[{"href":"https:\/\/weekop.dominicains.com\/index.php\/wp-json\/wp\/v2\/pages\/1051","targetHints":{"allow":["GET"]}}],"collection":[{"href":"https:\/\/weekop.dominicains.com\/index.php\/wp-json\/wp\/v2\/pages"}],"about":[{"href":"https:\/\/weekop.dominicains.com\/index.php\/wp-json\/wp\/v2\/types\/page"}],"author":[{"embeddable":true,"href":"https:\/\/weekop.dominicains.com\/index.php\/wp-json\/wp\/v2\/users\/1"}],"replies":[{"embeddable":true,"href":"https:\/\/weekop.dominicains.com\/index.php\/wp-json\/wp\/v2\/comments?post=1051"}],"version-history":[{"count":4,"href":"https:\/\/weekop.dominicains.com\/index.php\/wp-json\/wp\/v2\/pages\/1051\/revisions"}],"predecessor-version":[{"id":1525,"href":"https:\/\/weekop.dominicains.com\/index.php\/wp-json\/wp\/v2\/pages\/1051\/revisions\/1525"}],"up":[{"embeddable":true,"href":"https:\/\/weekop.dominicains.com\/index.php\/wp-json\/wp\/v2\/pages\/561"}],"wp:attachment":[{"href":"https:\/\/weekop.dominicains.com\/index.php\/wp-json\/wp\/v2\/media?parent=1051"}],"curies":[{"name":"wp","href":"https:\/\/api.w.org\/{rel}","templated":true}]}}

Mystères lumineux

<h2 class="wp-block-heading has-yellow-background-color has-background">1er mystère lumineux : Le baptême du Christ</h2>



<h3 class="wp-block-heading">Fruit du mystère : L&rsquo;état de grâce baptismale</h3>



<blockquote class="wp-block-quote is-layout-flow wp-block-quote-is-layout-flow">
<p>Dès que Jésus fut baptisé, il sortit de l’eau; voici que les cieux s’ouvrirent, et il vit l’Esprit de Dieu descendre comme une colombe et venir sur lui. Et des cieux, une voix disait : « Celui-ci est mon Fils bien-aimé; en lui j’ai mis tout mon amour. »</p>
<cite>Mt 3, 16-17</cite></blockquote>



<h2 class="wp-block-heading has-yellow-background-color has-background">2ème mystère lumineux : Les noces de Cana</h2>



<h3 class="wp-block-heading">Fruit du mystère : La confiance</h3>



<blockquote class="wp-block-quote is-layout-flow wp-block-quote-is-layout-flow">
<p>Trois jours plus tard, il y avait un mariage à Cana en Galilée. La mère de Jésus était là. Jésus aussi avait été invité au repas de noces avec ses disciples. Or, on manqua de vin; la mère de Jésus lui dit : « Ils n’ont plus de vin ». Jésus répondit : « Femme, que me veux-tu ? Mon heure n’est pas encore venue ». Sa mère dit aux serviteurs : « Faites tout ce qu’il vous dira. »</p>
<cite>Jn 2, 1-5</cite></blockquote>



<h2 class="wp-block-heading has-yellow-background-color has-background">3ème mystère lumineux : L&rsquo;annonce du Royaume</h2>



<h3 class="wp-block-heading">Fruit du mystère : La conversion</h3>



<blockquote class="wp-block-quote is-layout-flow wp-block-quote-is-layout-flow">
<p>Les temps sont accomplis: le règne de Dieu est tout proche. Convertissez-vous et croyez à la Bonne Nouvelle</p>
<cite>Mt 1, 15</cite></blockquote>



<h2 class="wp-block-heading has-yellow-background-color has-background">4ème mystère lumineux : La Transfiguration</h2>



<h3 class="wp-block-heading">Fruit du mystère : La grâce d&rsquo;une vie intérieure</h3>



<blockquote class="wp-block-quote is-layout-flow wp-block-quote-is-layout-flow">
<p>Six jours après, Jésus prend avec lui Pierre, Jacques et Jean son frère, et il les emmène à l’écart, sur une haute montagne. Il fut transfiguré devant eux; son visage devint brillant comme le soleil, et ses vêtements, blancs comme la lumière</p>
<cite>Mt 17, 1-2</cite></blockquote>



<h2 class="wp-block-heading has-yellow-background-color has-background">5ème mystère lumineux : L&rsquo;institution de l&rsquo;Eucharistie</h2>



<h3 class="wp-block-heading">Fruit du mystère : La dévotion au Saint-Sacrement</h3>



<blockquote class="wp-block-quote is-layout-flow wp-block-quote-is-layout-flow">
<p>Pendant le repas, Jésus prit du pain, prononça la bénédiction, le rompit et le donna à ses disciples, en disant: « Prenez, mangez: ceci est mon corps »</p>
<cite>Mt 26, 26</cite></blockquote>

<p>1er mystère lumineux : Le baptême du Christ Fruit du mystère : L&rsquo;état de grâce baptismale Dès que Jésus fut baptisé, il sortit de l’eau; voici que les cieux s’ouvrirent, et il vit l’Esprit de Dieu descendre comme une colombe et venir sur lui. Et des cieux, une voix disait : « Celui-ci est mon Fils &hellip; <a href="https://weekop.dominicains.com/index.php/accueil/prier/chapelet/mysteres-lumineux/" class="more-link">Continuer la lecture<span class="screen-reader-text"> de &laquo;&nbsp;Mystères lumineux&nbsp;&raquo;</span></a></p>
