{"id":1055,"date":"2023-08-10T21:32:47","date_gmt":"2023-08-10T19:32:47","guid":{"rendered":"https:\/\/weekop.dominicains.com\/?page_id=1055"},"modified":"2025-08-06T12:07:52","modified_gmt":"2025-08-06T10:07:52","slug":"mysteres-douloureux","status":"publish","type":"page","link":"https:\/\/weekop.dominicains.com\/index.php\/accueil\/prier\/chapelet\/mysteres-douloureux\/","title":{"rendered":"Myst\u00e8res douloureux"},"content":{"rendered":"\n<h2 class=\"wp-block-heading has-bright-red-background-color has-background\">1er myst\u00e8re douloureux : L&rsquo;agonie de Notre Seigneur<\/h2>\n\n\n\n<h3 class=\"wp-block-heading\">Fruit du myst\u00e8re : La contrition<\/h3>\n\n\n\n<blockquote class=\"wp-block-quote is-layout-flow wp-block-quote-is-layout-flow\">\n<p>Alors J\u00e9sus parvient avec eux \u00e0 un domaine appel\u00e9 Geths\u00e9mani et leur dit : \u00ab\u00a0Restez ici, pendant que je m\u2019en vais l\u00e0-bas pour prier\u00a0\u00bb. Il emmena Pierre, ainsi que Jacques et Jean, les deux fils de Z\u00e9b\u00e9d\u00e9e, et il commen\u00e7a \u00e0 ressentir tristesse et angoisse. Il leur dit alors : \u00ab\u00a0Mon \u00e2me est triste \u00e0 en mourir. Demeurez ici et veillez avec moi\u00a0\u00bb. Il s\u2019\u00e9carta un peu et tomba la face contre terre, en faisant cette pri\u00e8re: \u00ab\u00a0Mon P\u00e8re, s\u2019il est possible, que cette coupe passe loin de moi! Cependant, non pas comme je veux, mais comme tu veux\u00a0\u00bb.<\/p>\n<cite>Mt 26, 36-39<\/cite><\/blockquote>\n\n\n\n<h2 class=\"wp-block-heading has-bright-red-background-color has-background\">2\u00e8me myst\u00e8re douloureux : La flagellation<\/h2>\n\n\n\n<h3 class=\"wp-block-heading\">Fruit du myst\u00e8re : La ma\u00eetrise des sens<\/h3>\n\n\n\n<blockquote class=\"wp-block-quote is-layout-flow wp-block-quote-is-layout-flow\">\n<p>Alors, Pilate ordonna d\u2019emmener J\u00e9sus pour le flageller. Les soldats tress\u00e8rent une couronne avec des \u00e9pines, et la lui mirent sur la t\u00eate ; puis ils le rev\u00eatirent d\u2019un manteau de pourpre. Ils s\u2019avan\u00e7aient vers lui et ils disaient : \u00ab\u00a0Honneur \u00e0 toi, roi des juifs !\u00a0\u00bb. Et ils le giflaient.<\/p>\n<cite>Jn 19, 1-3<\/cite><\/blockquote>\n\n\n\n<h2 class=\"wp-block-heading has-bright-red-background-color has-background\">3\u00e8me myst\u00e8re douloureux : Le couronnement d&rsquo;\u00e9pines<\/h2>\n\n\n\n<h3 class=\"wp-block-heading\">Fruit du myst\u00e8re : La mortification de l&rsquo;esprit et du c\u0153ur<\/h3>\n\n\n\n<blockquote class=\"wp-block-quote is-layout-flow wp-block-quote-is-layout-flow\">\n<p>Alors les soldats du gouverneur emmen\u00e8rent J\u00e9sus dans le pr\u00e9toire et rassembl\u00e8rent autour de lui toute la garde. Ils lui enlev\u00e8rent ses v\u00eatements et le couvrirent d\u2019un manteau rouge. Puis, avec des \u00e9pines, ils tress\u00e8rent une couronne, et la pos\u00e8rent sur sa t\u00eate ; ils lui mirent un roseau dans la main droite et, pour se moquer de lui, ils s\u2019agenouillaient en lui disant : \u00ab\u00a0Salut, roi des Juifs !\u00a0\u00bb<\/p>\n<cite>Mt 27, 27-29<\/cite><\/blockquote>\n\n\n\n<h2 class=\"wp-block-heading has-bright-red-background-color has-background\">4\u00e8me myst\u00e8re douloureux : Le portement de la Croix<\/h2>\n\n\n\n<h3 class=\"wp-block-heading\">Fruit du myst\u00e8re : La patience dans les \u00e9preuves<\/h3>\n\n\n\n<blockquote class=\"wp-block-quote is-layout-flow wp-block-quote-is-layout-flow\">\n<p>Ils r\u00e9quisitionnent, pour porter la croix, un passant, Simon de Cyr\u00e8ne, le p\u00e8re d\u2019Alexandre et de Rufus, qui revenait des champs. Et ils am\u00e8nent J\u00e9sus \u00e0 l\u2019endroit appel\u00e9 Golgotha, c\u2019est-\u00e0-dire : Lieu-du-Cr\u00e2ne, ou Calvaire.<\/p>\n<cite>Mc 15, 21-22<\/cite><\/blockquote>\n\n\n\n<h2 class=\"wp-block-heading has-bright-red-background-color has-background\">5\u00e8me myst\u00e8re douloureux : La Crucifixion<\/h2>\n\n\n\n<h3 class=\"wp-block-heading\">Fruit du myst\u00e8re : L&rsquo;amour de Dieu et le salut de \u00e2mes<\/h3>\n\n\n\n<blockquote class=\"wp-block-quote is-layout-flow wp-block-quote-is-layout-flow\">\n<p>Lorsqu\u2019on fut arriv\u00e9 au lieu dit Le Cr\u00e2ne, ou Calvaire, on mit J\u00e9sus en croix, avec les deux malfaiteurs, l\u2019un \u00e0 droite et l\u2019autre \u00e0 gauche. J\u00e9sus disait: \u00ab\u00a0P\u00e8re, pardonne-leur: ils ne savent pas ce qu\u2019ils font\u00a0\u00bb\u2026 Il \u00e9tait d\u00e9j\u00e0 presque midi; l\u2019obscurit\u00e9 se fit dans tout le pays jusqu\u2019\u00e0 trois heures, car le soleil s\u2019\u00e9tait cach\u00e9. Le rideau du temple se d\u00e9chira par le milieu. Alors, J\u00e9sus poussa un grand cri: \u00ab\u00a0P\u00e8re, entre tes mains je remets mon esprit\u00a0\u00bb.<\/p>\n<cite>Lc 23, 32-33, 44-46<\/cite><\/blockquote>\n","protected":false},"excerpt":{"rendered":"<p>1er myst\u00e8re douloureux : L&rsquo;agonie de Notre Seigneur Fruit du myst\u00e8re : La contrition Alors J\u00e9sus parvient avec eux \u00e0 un domaine appel\u00e9 Geths\u00e9mani et leur dit : \u00ab\u00a0Restez ici, pendant que je m\u2019en vais l\u00e0-bas pour prier\u00a0\u00bb. Il emmena Pierre, ainsi que Jacques et Jean, les deux fils de Z\u00e9b\u00e9d\u00e9e, et il commen\u00e7a \u00e0 &hellip; <a href=\"https:\/\/weekop.dominicains.com\/index.php\/accueil\/prier\/chapelet\/mysteres-douloureux\/\" class=\"more-link\">Continuer la lecture<span class=\"screen-reader-text\"> de &laquo;&nbsp;Myst\u00e8res douloureux&nbsp;&raquo;<\/span><\/a><\/p>\n","protected":false},"author":1,"featured_media":0,"parent":561,"menu_order":0,"comment_status":"closed","ping_status":"closed","template":"","meta":{"footnotes":""},"class_list":["post-1055","page","type-page","status-publish","hentry"],"_links":{"self":[{"href":"https:\/\/weekop.dominicains.com\/index.php\/wp-json\/wp\/v2\/pages\/1055","targetHints":{"allow":["GET"]}}],"collection":[{"href":"https:\/\/weekop.dominicains.com\/index.php\/wp-json\/wp\/v2\/pages"}],"about":[{"href":"https:\/\/weekop.dominicains.com\/index.php\/wp-json\/wp\/v2\/types\/page"}],"author":[{"embeddable":true,"href":"https:\/\/weekop.dominicains.com\/index.php\/wp-json\/wp\/v2\/users\/1"}],"replies":[{"embeddable":true,"href":"https:\/\/weekop.dominicains.com\/index.php\/wp-json\/wp\/v2\/comments?post=1055"}],"version-history":[{"count":1,"href":"https:\/\/weekop.dominicains.com\/index.php\/wp-json\/wp\/v2\/pages\/1055\/revisions"}],"predecessor-version":[{"id":1056,"href":"https:\/\/weekop.dominicains.com\/index.php\/wp-json\/wp\/v2\/pages\/1055\/revisions\/1056"}],"up":[{"embeddable":true,"href":"https:\/\/weekop.dominicains.com\/index.php\/wp-json\/wp\/v2\/pages\/561"}],"wp:attachment":[{"href":"https:\/\/weekop.dominicains.com\/index.php\/wp-json\/wp\/v2\/media?parent=1055"}],"curies":[{"name":"wp","href":"https:\/\/api.w.org\/{rel}","templated":true}]}}

Mystères douloureux

<h2 class="wp-block-heading has-bright-red-background-color has-background">1er mystère douloureux : L&rsquo;agonie de Notre Seigneur</h2>



<h3 class="wp-block-heading">Fruit du mystère : La contrition</h3>



<blockquote class="wp-block-quote is-layout-flow wp-block-quote-is-layout-flow">
<p>Alors Jésus parvient avec eux à un domaine appelé Gethsémani et leur dit : « Restez ici, pendant que je m’en vais là-bas pour prier ». Il emmena Pierre, ainsi que Jacques et Jean, les deux fils de Zébédée, et il commença à ressentir tristesse et angoisse. Il leur dit alors : « Mon âme est triste à en mourir. Demeurez ici et veillez avec moi ». Il s’écarta un peu et tomba la face contre terre, en faisant cette prière: « Mon Père, s’il est possible, que cette coupe passe loin de moi! Cependant, non pas comme je veux, mais comme tu veux ».</p>
<cite>Mt 26, 36-39</cite></blockquote>



<h2 class="wp-block-heading has-bright-red-background-color has-background">2ème mystère douloureux : La flagellation</h2>



<h3 class="wp-block-heading">Fruit du mystère : La maîtrise des sens</h3>



<blockquote class="wp-block-quote is-layout-flow wp-block-quote-is-layout-flow">
<p>Alors, Pilate ordonna d’emmener Jésus pour le flageller. Les soldats tressèrent une couronne avec des épines, et la lui mirent sur la tête ; puis ils le revêtirent d’un manteau de pourpre. Ils s’avançaient vers lui et ils disaient : « Honneur à toi, roi des juifs ! ». Et ils le giflaient.</p>
<cite>Jn 19, 1-3</cite></blockquote>



<h2 class="wp-block-heading has-bright-red-background-color has-background">3ème mystère douloureux : Le couronnement d&rsquo;épines</h2>



<h3 class="wp-block-heading">Fruit du mystère : La mortification de l&rsquo;esprit et du cœur</h3>



<blockquote class="wp-block-quote is-layout-flow wp-block-quote-is-layout-flow">
<p>Alors les soldats du gouverneur emmenèrent Jésus dans le prétoire et rassemblèrent autour de lui toute la garde. Ils lui enlevèrent ses vêtements et le couvrirent d’un manteau rouge. Puis, avec des épines, ils tressèrent une couronne, et la posèrent sur sa tête ; ils lui mirent un roseau dans la main droite et, pour se moquer de lui, ils s’agenouillaient en lui disant : « Salut, roi des Juifs ! »</p>
<cite>Mt 27, 27-29</cite></blockquote>



<h2 class="wp-block-heading has-bright-red-background-color has-background">4ème mystère douloureux : Le portement de la Croix</h2>



<h3 class="wp-block-heading">Fruit du mystère : La patience dans les épreuves</h3>



<blockquote class="wp-block-quote is-layout-flow wp-block-quote-is-layout-flow">
<p>Ils réquisitionnent, pour porter la croix, un passant, Simon de Cyrène, le père d’Alexandre et de Rufus, qui revenait des champs. Et ils amènent Jésus à l’endroit appelé Golgotha, c’est-à-dire : Lieu-du-Crâne, ou Calvaire.</p>
<cite>Mc 15, 21-22</cite></blockquote>



<h2 class="wp-block-heading has-bright-red-background-color has-background">5ème mystère douloureux : La Crucifixion</h2>



<h3 class="wp-block-heading">Fruit du mystère : L&rsquo;amour de Dieu et le salut de âmes</h3>



<blockquote class="wp-block-quote is-layout-flow wp-block-quote-is-layout-flow">
<p>Lorsqu’on fut arrivé au lieu dit Le Crâne, ou Calvaire, on mit Jésus en croix, avec les deux malfaiteurs, l’un à droite et l’autre à gauche. Jésus disait: « Père, pardonne-leur: ils ne savent pas ce qu’ils font »… Il était déjà presque midi; l’obscurité se fit dans tout le pays jusqu’à trois heures, car le soleil s’était caché. Le rideau du temple se déchira par le milieu. Alors, Jésus poussa un grand cri: « Père, entre tes mains je remets mon esprit ».</p>
<cite>Lc 23, 32-33, 44-46</cite></blockquote>

<p>1er mystère douloureux : L&rsquo;agonie de Notre Seigneur Fruit du mystère : La contrition Alors Jésus parvient avec eux à un domaine appelé Gethsémani et leur dit : « Restez ici, pendant que je m’en vais là-bas pour prier ». Il emmena Pierre, ainsi que Jacques et Jean, les deux fils de Zébédée, et il commença à &hellip; <a href="https://weekop.dominicains.com/index.php/accueil/prier/chapelet/mysteres-douloureux/" class="more-link">Continuer la lecture<span class="screen-reader-text"> de &laquo;&nbsp;Mystères douloureux&nbsp;&raquo;</span></a></p>
