{"id":297,"date":"2020-08-09T10:10:47","date_gmt":"2020-08-09T08:10:47","guid":{"rendered":"https:\/\/weekop.dominicains.com\/?page_id=297"},"modified":"2025-08-06T15:57:15","modified_gmt":"2025-08-06T13:57:15","slug":"la-week-op-au-cap-ferret","status":"publish","type":"page","link":"https:\/\/weekop.dominicains.com\/index.php\/accueil\/la-week-op-au-cap-ferret\/","title":{"rendered":"Mission Cap Ferret"},"content":{"rendered":"\n<h2 class=\"wp-block-heading has-text-align-center has-text-color has-link-color wp-elements-b4f6f459fce4a345eb00c8a5f8ffd2b5\" style=\"color:#6eb3b0\"><em><strong>La mission mendiante<\/strong><\/em><\/h2>\n\n\n\n<p>Comme le Christ sur les rives du lac de Tib\u00e9riade, les dominicains aiment \u00e0 sillonner le bassin d&rsquo;Arcachon pour annoncer l\u2019\u00c9vangile !<br>Cette ann\u00e9e, les fr\u00e8res et les volontaires, accosteront au Cap Ferret du 8 au 15 ao\u00fbt.<br>Et \u00e0 la suite de saint Dominique qui se fit mendiant pour \u00eatre tout \u00e0 tous, fr\u00e8res et volontaires iront au Cap Ferret, les poches vides mais le c\u0153ur ardent, proclamer la Bonne Nouvelle.<\/p>\n\n\n<div class=\"wp-block-image\">\n<figure class=\"aligncenter size-full\"><img loading=\"lazy\" decoding=\"async\" width=\"397\" height=\"457\" src=\"https:\/\/weekop.dominicains.com\/wp-content\/uploads\/2023\/08\/Cap-ferret.png\" alt=\"\" class=\"wp-image-930\" srcset=\"https:\/\/weekop.dominicains.com\/wp-content\/uploads\/2023\/08\/Cap-ferret.png 397w, https:\/\/weekop.dominicains.com\/wp-content\/uploads\/2023\/08\/Cap-ferret-261x300.png 261w\" sizes=\"auto, (max-width: 397px) 85vw, 397px\" \/><\/figure>\n<\/div>\n\n\n<div class=\"wp-block-buttons is-content-justification-center is-layout-flex wp-container-core-buttons-is-layout-16018d1d wp-block-buttons-is-layout-flex\">\n<div class=\"wp-block-button is-style-fill\"><a class=\"wp-block-button__link has-background wp-element-button\" href=\"https:\/\/weekop.dominicains.com\/index.php\/la-week-op-au-cap-ferret\/messes\/\" style=\"background-color:#6eb3b0\">Messes<\/a><\/div>\n\n\n\n<div class=\"wp-block-button is-style-fill\"><a class=\"wp-block-button__link has-background wp-element-button\" href=\"https:\/\/weekop.dominicains.com\/index.php\/la-week-op-au-cap-ferret\/soirees\/\" style=\"background-color:#6eb3b0\">Soir\u00e9es<\/a><\/div>\n<\/div>\n","protected":false},"excerpt":{"rendered":"<p>La mission mendiante Comme le Christ sur les rives du lac de Tib\u00e9riade, les dominicains aiment \u00e0 sillonner le bassin d&rsquo;Arcachon pour annoncer l\u2019\u00c9vangile !Cette ann\u00e9e, les fr\u00e8res et les volontaires, accosteront au Cap Ferret du 8 au 15 ao\u00fbt.Et \u00e0 la suite de saint Dominique qui se fit mendiant pour \u00eatre tout \u00e0 tous, &hellip; <a href=\"https:\/\/weekop.dominicains.com\/index.php\/accueil\/la-week-op-au-cap-ferret\/\" class=\"more-link\">Continuer la lecture<span class=\"screen-reader-text\"> de &laquo;&nbsp;Mission Cap Ferret&nbsp;&raquo;<\/span><\/a><\/p>\n","protected":false},"author":1,"featured_media":0,"parent":7,"menu_order":0,"comment_status":"closed","ping_status":"closed","template":"","meta":{"footnotes":""},"class_list":["post-297","page","type-page","status-publish","hentry"],"_links":{"self":[{"href":"https:\/\/weekop.dominicains.com\/index.php\/wp-json\/wp\/v2\/pages\/297","targetHints":{"allow":["GET"]}}],"collection":[{"href":"https:\/\/weekop.dominicains.com\/index.php\/wp-json\/wp\/v2\/pages"}],"about":[{"href":"https:\/\/weekop.dominicains.com\/index.php\/wp-json\/wp\/v2\/types\/page"}],"author":[{"embeddable":true,"href":"https:\/\/weekop.dominicains.com\/index.php\/wp-json\/wp\/v2\/users\/1"}],"replies":[{"embeddable":true,"href":"https:\/\/weekop.dominicains.com\/index.php\/wp-json\/wp\/v2\/comments?post=297"}],"version-history":[{"count":25,"href":"https:\/\/weekop.dominicains.com\/index.php\/wp-json\/wp\/v2\/pages\/297\/revisions"}],"predecessor-version":[{"id":1484,"href":"https:\/\/weekop.dominicains.com\/index.php\/wp-json\/wp\/v2\/pages\/297\/revisions\/1484"}],"up":[{"embeddable":true,"href":"https:\/\/weekop.dominicains.com\/index.php\/wp-json\/wp\/v2\/pages\/7"}],"wp:attachment":[{"href":"https:\/\/weekop.dominicains.com\/index.php\/wp-json\/wp\/v2\/media?parent=297"}],"curies":[{"name":"wp","href":"https:\/\/api.w.org\/{rel}","templated":true}]}}

<h2 class="wp-block-heading has-text-align-center has-text-color has-link-color wp-elements-b4f6f459fce4a345eb00c8a5f8ffd2b5" style="color:#6eb3b0"><em><strong>La mission mendiante</strong></em></h2>



<p>Comme le Christ sur les rives du lac de Tibériade, les dominicains aiment à sillonner le bassin d&rsquo;Arcachon pour annoncer l’Évangile !<br>Cette année, les frères et les volontaires, accosteront au Cap Ferret du 8 au 15 août.<br>Et à la suite de saint Dominique qui se fit mendiant pour être tout à tous, frères et volontaires iront au Cap Ferret, les poches vides mais le cœur ardent, proclamer la Bonne Nouvelle.</p>


<div class="wp-block-image">
<figure class="aligncenter size-full"><img loading="lazy" decoding="async" width="397" height="457" src="https://weekop.dominicains.com/wp-content/uploads/2023/08/Cap-ferret.png" alt="" class="wp-image-930" srcset="https://weekop.dominicains.com/wp-content/uploads/2023/08/Cap-ferret.png 397w, https://weekop.dominicains.com/wp-content/uploads/2023/08/Cap-ferret-261x300.png 261w" sizes="auto, (max-width: 397px) 85vw, 397px" /></figure>
</div>


<div class="wp-block-buttons is-content-justification-center is-layout-flex wp-container-core-buttons-is-layout-16018d1d wp-block-buttons-is-layout-flex">
<div class="wp-block-button is-style-fill"><a class="wp-block-button__link has-background wp-element-button" href="https://weekop.dominicains.com/index.php/la-week-op-au-cap-ferret/messes/" style="background-color:#6eb3b0">Messes</a></div>



<div class="wp-block-button is-style-fill"><a class="wp-block-button__link has-background wp-element-button" href="https://weekop.dominicains.com/index.php/la-week-op-au-cap-ferret/soirees/" style="background-color:#6eb3b0">Soirées</a></div>
</div>

<p>La mission mendiante Comme le Christ sur les rives du lac de Tibériade, les dominicains aiment à sillonner le bassin d&rsquo;Arcachon pour annoncer l’Évangile !Cette année, les frères et les volontaires, accosteront au Cap Ferret du 8 au 15 août.Et à la suite de saint Dominique qui se fit mendiant pour être tout à tous, &hellip; <a href="https://weekop.dominicains.com/index.php/accueil/la-week-op-au-cap-ferret/" class="more-link">Continuer la lecture<span class="screen-reader-text"> de &laquo;&nbsp;Mission Cap Ferret&nbsp;&raquo;</span></a></p>
