{"id":387,"date":"2023-08-02T11:25:49","date_gmt":"2023-08-02T09:25:49","guid":{"rendered":"https:\/\/weekop.dominicains.com\/?page_id=387"},"modified":"2025-08-06T16:49:21","modified_gmt":"2025-08-06T14:49:21","slug":"apero-topo","status":"publish","type":"page","link":"https:\/\/weekop.dominicains.com\/index.php\/accueil\/se-former\/apero-topo\/","title":{"rendered":"Ap\u00e9ro topo"},"content":{"rendered":"\n<p>D\u00e9bats sur des sujets chauds autour d\u2019une bi\u00e8re fra\u00eeche.<\/p>\n\n\n\n<p>Les ap\u00e9ro topo ont lieu \u00e0 19h30 sur le parvis de l&rsquo;\u00e9glise Notre-Dame-des-Passes <a href=\"https:\/\/goo.gl\/maps\/cz9d15TEbXPP2Ba67\">\u27bd<\/a><\/p>\n\n\n\n<h3 class=\"wp-block-heading has-text-align-center has-luminous-vivid-amber-to-luminous-vivid-orange-gradient-background has-background\">Vendredi 8 ao\u00fbt<\/h3>\n\n\n\n<blockquote class=\"wp-block-quote has-text-align-left is-layout-flow wp-block-quote-is-layout-flow\">\n<p>Fin de vie : mourir ou ne pas mourir, c&rsquo;est la question !<\/p>\n<cite>fr\u00e8re Antoine-Marie o.p.<\/cite><\/blockquote>\n\n\n\n<h3 class=\"wp-block-heading has-text-align-center has-luminous-vivid-amber-to-luminous-vivid-orange-gradient-background has-background\">Samedi 9 ao\u00fbt<\/h3>\n\n\n\n<blockquote class=\"wp-block-quote has-text-align-left is-layout-flow wp-block-quote-is-layout-flow\">\n<p>Le diable et les d\u00e9mons, mythe ou r\u00e9alit\u00e9 ?<\/p>\n<cite>fr\u00e8re B\u00e9ranger o.p.<\/cite><\/blockquote>\n\n\n\n<h3 class=\"wp-block-heading has-text-align-center has-luminous-vivid-amber-to-luminous-vivid-orange-gradient-background has-background\">Mardi 12 ao\u00fbt<\/h3>\n\n\n\n<blockquote class=\"wp-block-quote has-text-align-left is-layout-flow wp-block-quote-is-layout-flow\">\n<p>Les chr\u00e9tiens et la politique : l&rsquo;Eglise me dit-elle pour qui voter ?<\/p>\n<cite>fr\u00e8re Corentin o.p.<\/cite><\/blockquote>\n\n\n\n<h3 class=\"wp-block-heading has-text-align-center has-luminous-vivid-amber-to-luminous-vivid-orange-gradient-background has-background\">Mercredi 13 ao\u00fbt<\/h3>\n\n\n\n<blockquote class=\"wp-block-quote has-text-align-left is-layout-flow wp-block-quote-is-layout-flow\">\n<p>Faut-il autoriser l&rsquo;homosexualit\u00e9 dans l&rsquo;Eglise ?<\/p>\n<cite>fr\u00e8re Marie-Edouard o.p.<\/cite><\/blockquote>\n\n\n\n<h3 class=\"wp-block-heading has-text-align-center has-luminous-vivid-amber-to-luminous-vivid-orange-gradient-background has-background\">Jeudi 14 ao\u00fbt<\/h3>\n\n\n\n<blockquote class=\"wp-block-quote has-text-align-left is-layout-flow wp-block-quote-is-layout-flow\">\n<p>Le chr\u00e9tien peut-il \u00eatre anti-\u00e9colo ?<\/p>\n<cite>fr\u00e8re Dominique-Marie o.p.<\/cite><\/blockquote>\n\n\n\n<p><\/p>\n","protected":false},"excerpt":{"rendered":"<p>D\u00e9bats sur des sujets chauds autour d\u2019une bi\u00e8re fra\u00eeche. Les ap\u00e9ro topo ont lieu \u00e0 19h30 sur le parvis de l&rsquo;\u00e9glise Notre-Dame-des-Passes \u27bd Vendredi 8 ao\u00fbt Fin de vie : mourir ou ne pas mourir, c&rsquo;est la question ! fr\u00e8re Antoine-Marie o.p. Samedi 9 ao\u00fbt Le diable et les d\u00e9mons, mythe ou r\u00e9alit\u00e9 ? fr\u00e8re &hellip; <a href=\"https:\/\/weekop.dominicains.com\/index.php\/accueil\/se-former\/apero-topo\/\" class=\"more-link\">Continuer la lecture<span class=\"screen-reader-text\"> de &laquo;&nbsp;Ap\u00e9ro topo&nbsp;&raquo;<\/span><\/a><\/p>\n","protected":false},"author":1,"featured_media":0,"parent":450,"menu_order":0,"comment_status":"closed","ping_status":"closed","template":"","meta":{"footnotes":""},"class_list":["post-387","page","type-page","status-publish","hentry"],"_links":{"self":[{"href":"https:\/\/weekop.dominicains.com\/index.php\/wp-json\/wp\/v2\/pages\/387","targetHints":{"allow":["GET"]}}],"collection":[{"href":"https:\/\/weekop.dominicains.com\/index.php\/wp-json\/wp\/v2\/pages"}],"about":[{"href":"https:\/\/weekop.dominicains.com\/index.php\/wp-json\/wp\/v2\/types\/page"}],"author":[{"embeddable":true,"href":"https:\/\/weekop.dominicains.com\/index.php\/wp-json\/wp\/v2\/users\/1"}],"replies":[{"embeddable":true,"href":"https:\/\/weekop.dominicains.com\/index.php\/wp-json\/wp\/v2\/comments?post=387"}],"version-history":[{"count":16,"href":"https:\/\/weekop.dominicains.com\/index.php\/wp-json\/wp\/v2\/pages\/387\/revisions"}],"predecessor-version":[{"id":1685,"href":"https:\/\/weekop.dominicains.com\/index.php\/wp-json\/wp\/v2\/pages\/387\/revisions\/1685"}],"up":[{"embeddable":true,"href":"https:\/\/weekop.dominicains.com\/index.php\/wp-json\/wp\/v2\/pages\/450"}],"wp:attachment":[{"href":"https:\/\/weekop.dominicains.com\/index.php\/wp-json\/wp\/v2\/media?parent=387"}],"curies":[{"name":"wp","href":"https:\/\/api.w.org\/{rel}","templated":true}]}}

Apéro topo

<p>Débats sur des sujets chauds autour d’une bière fraîche.</p>



<p>Les apéro topo ont lieu à 19h30 sur le parvis de l&rsquo;église Notre-Dame-des-Passes <a href="https://goo.gl/maps/cz9d15TEbXPP2Ba67">➽</a></p>



<h3 class="wp-block-heading has-text-align-center has-luminous-vivid-amber-to-luminous-vivid-orange-gradient-background has-background">Vendredi 8 août</h3>



<blockquote class="wp-block-quote has-text-align-left is-layout-flow wp-block-quote-is-layout-flow">
<p>Fin de vie : mourir ou ne pas mourir, c&rsquo;est la question !</p>
<cite>frère Antoine-Marie o.p.</cite></blockquote>



<h3 class="wp-block-heading has-text-align-center has-luminous-vivid-amber-to-luminous-vivid-orange-gradient-background has-background">Samedi 9 août</h3>



<blockquote class="wp-block-quote has-text-align-left is-layout-flow wp-block-quote-is-layout-flow">
<p>Le diable et les démons, mythe ou réalité ?</p>
<cite>frère Béranger o.p.</cite></blockquote>



<h3 class="wp-block-heading has-text-align-center has-luminous-vivid-amber-to-luminous-vivid-orange-gradient-background has-background">Mardi 12 août</h3>



<blockquote class="wp-block-quote has-text-align-left is-layout-flow wp-block-quote-is-layout-flow">
<p>Les chrétiens et la politique : l&rsquo;Eglise me dit-elle pour qui voter ?</p>
<cite>frère Corentin o.p.</cite></blockquote>



<h3 class="wp-block-heading has-text-align-center has-luminous-vivid-amber-to-luminous-vivid-orange-gradient-background has-background">Mercredi 13 août</h3>



<blockquote class="wp-block-quote has-text-align-left is-layout-flow wp-block-quote-is-layout-flow">
<p>Faut-il autoriser l&rsquo;homosexualité dans l&rsquo;Eglise ?</p>
<cite>frère Marie-Edouard o.p.</cite></blockquote>



<h3 class="wp-block-heading has-text-align-center has-luminous-vivid-amber-to-luminous-vivid-orange-gradient-background has-background">Jeudi 14 août</h3>



<blockquote class="wp-block-quote has-text-align-left is-layout-flow wp-block-quote-is-layout-flow">
<p>Le chrétien peut-il être anti-écolo ?</p>
<cite>frère Dominique-Marie o.p.</cite></blockquote>



<p></p>

<p>Débats sur des sujets chauds autour d’une bière fraîche. Les apéro topo ont lieu à 19h30 sur le parvis de l&rsquo;église Notre-Dame-des-Passes ➽ Vendredi 8 août Fin de vie : mourir ou ne pas mourir, c&rsquo;est la question ! frère Antoine-Marie o.p. Samedi 9 août Le diable et les démons, mythe ou réalité ? frère &hellip; <a href="https://weekop.dominicains.com/index.php/accueil/se-former/apero-topo/" class="more-link">Continuer la lecture<span class="screen-reader-text"> de &laquo;&nbsp;Apéro topo&nbsp;&raquo;</span></a></p>
