{"id":497,"date":"2023-08-02T21:57:15","date_gmt":"2023-08-02T19:57:15","guid":{"rendered":"https:\/\/weekop.dominicains.com\/?page_id=497"},"modified":"2025-08-06T12:06:54","modified_gmt":"2025-08-06T10:06:54","slug":"prier","status":"publish","type":"page","link":"https:\/\/weekop.dominicains.com\/index.php\/accueil\/prier\/","title":{"rendered":"Prier"},"content":{"rendered":"\n<p>La pri\u00e8re occupe une place centrale dans la vie d&rsquo;un chr\u00e9tien. Les sacrements et de nombreux autres temps de pri\u00e8re sont donc assur\u00e9s quotidiennement par les dominicains.<\/p>\n\n\n\n<div class=\"wp-block-buttons is-vertical is-content-justification-center is-layout-flex wp-container-core-buttons-is-layout-cc3cdef1 wp-block-buttons-is-layout-flex\">\n<div class=\"wp-block-button has-custom-width wp-block-button__width-100 is-style-fill\"><a class=\"wp-block-button__link has-background wp-element-button\" href=\"https:\/\/weekop.dominicains.com\/index.php\/accueil\/prier\/offices\/\" style=\"background-color:#153f6a\">Offices<\/a><\/div>\n\n\n\n<div class=\"wp-block-button has-custom-width wp-block-button__width-100 is-style-fill\"><a class=\"wp-block-button__link has-background wp-element-button\" href=\"https:\/\/weekop.dominicains.com\/index.php\/accueil\/prier\/messes\/\" style=\"background-color:#153f6a\">Messe<\/a><\/div>\n\n\n\n<div class=\"wp-block-button has-custom-width wp-block-button__width-100 is-style-fill\"><a class=\"wp-block-button__link has-background wp-element-button\" href=\"https:\/\/weekop.dominicains.com\/index.php\/accueil\/prier\/adorations\/\" style=\"background-color:#153f6a\">Adoration<\/a><\/div>\n\n\n\n<div class=\"wp-block-button has-custom-width wp-block-button__width-100 is-style-fill\"><a class=\"wp-block-button__link has-background wp-element-button\" href=\"https:\/\/weekop.dominicains.com\/index.php\/accueil\/prier\/chapelet\/\" style=\"background-color:#153f6a\">Chapelet<\/a><\/div>\n\n\n\n<div class=\"wp-block-button has-custom-width wp-block-button__width-100 is-style-fill\"><a class=\"wp-block-button__link has-background wp-element-button\" href=\"https:\/\/weekop.dominicains.com\/index.php\/accueil\/prier\/confessions\/\" style=\"background-color:#153f6a\">Confession<\/a><\/div>\n\n\n\n<div class=\"wp-block-button has-custom-width wp-block-button__width-100 is-style-fill\"><a class=\"wp-block-button__link has-background wp-element-button\" href=\"https:\/\/weekop.dominicains.com\/index.php\/accueil\/prier\/processions\/\" style=\"background-color:#153f6a\">Processions<\/a><\/div>\n<\/div>\n\n\n\n<p><\/p>\n","protected":false},"excerpt":{"rendered":"<p>La pri\u00e8re occupe une place centrale dans la vie d&rsquo;un chr\u00e9tien. Les sacrements et de nombreux autres temps de pri\u00e8re sont donc assur\u00e9s quotidiennement par les dominicains.<\/p>\n","protected":false},"author":1,"featured_media":0,"parent":7,"menu_order":0,"comment_status":"closed","ping_status":"closed","template":"","meta":{"footnotes":""},"class_list":["post-497","page","type-page","status-publish","hentry"],"_links":{"self":[{"href":"https:\/\/weekop.dominicains.com\/index.php\/wp-json\/wp\/v2\/pages\/497","targetHints":{"allow":["GET"]}}],"collection":[{"href":"https:\/\/weekop.dominicains.com\/index.php\/wp-json\/wp\/v2\/pages"}],"about":[{"href":"https:\/\/weekop.dominicains.com\/index.php\/wp-json\/wp\/v2\/types\/page"}],"author":[{"embeddable":true,"href":"https:\/\/weekop.dominicains.com\/index.php\/wp-json\/wp\/v2\/users\/1"}],"replies":[{"embeddable":true,"href":"https:\/\/weekop.dominicains.com\/index.php\/wp-json\/wp\/v2\/comments?post=497"}],"version-history":[{"count":16,"href":"https:\/\/weekop.dominicains.com\/index.php\/wp-json\/wp\/v2\/pages\/497\/revisions"}],"predecessor-version":[{"id":1650,"href":"https:\/\/weekop.dominicains.com\/index.php\/wp-json\/wp\/v2\/pages\/497\/revisions\/1650"}],"up":[{"embeddable":true,"href":"https:\/\/weekop.dominicains.com\/index.php\/wp-json\/wp\/v2\/pages\/7"}],"wp:attachment":[{"href":"https:\/\/weekop.dominicains.com\/index.php\/wp-json\/wp\/v2\/media?parent=497"}],"curies":[{"name":"wp","href":"https:\/\/api.w.org\/{rel}","templated":true}]}}

<p>La prière occupe une place centrale dans la vie d&rsquo;un chrétien. Les sacrements et de nombreux autres temps de prière sont donc assurés quotidiennement par les dominicains.</p>



<div class="wp-block-buttons is-vertical is-content-justification-center is-layout-flex wp-container-core-buttons-is-layout-cc3cdef1 wp-block-buttons-is-layout-flex">
<div class="wp-block-button has-custom-width wp-block-button__width-100 is-style-fill"><a class="wp-block-button__link has-background wp-element-button" href="https://weekop.dominicains.com/index.php/accueil/prier/offices/" style="background-color:#153f6a">Offices</a></div>



<div class="wp-block-button has-custom-width wp-block-button__width-100 is-style-fill"><a class="wp-block-button__link has-background wp-element-button" href="https://weekop.dominicains.com/index.php/accueil/prier/messes/" style="background-color:#153f6a">Messe</a></div>



<div class="wp-block-button has-custom-width wp-block-button__width-100 is-style-fill"><a class="wp-block-button__link has-background wp-element-button" href="https://weekop.dominicains.com/index.php/accueil/prier/adorations/" style="background-color:#153f6a">Adoration</a></div>



<div class="wp-block-button has-custom-width wp-block-button__width-100 is-style-fill"><a class="wp-block-button__link has-background wp-element-button" href="https://weekop.dominicains.com/index.php/accueil/prier/chapelet/" style="background-color:#153f6a">Chapelet</a></div>



<div class="wp-block-button has-custom-width wp-block-button__width-100 is-style-fill"><a class="wp-block-button__link has-background wp-element-button" href="https://weekop.dominicains.com/index.php/accueil/prier/confessions/" style="background-color:#153f6a">Confession</a></div>



<div class="wp-block-button has-custom-width wp-block-button__width-100 is-style-fill"><a class="wp-block-button__link has-background wp-element-button" href="https://weekop.dominicains.com/index.php/accueil/prier/processions/" style="background-color:#153f6a">Processions</a></div>
</div>



<p></p>

<p>La prière occupe une place centrale dans la vie d&rsquo;un chrétien. Les sacrements et de nombreux autres temps de prière sont donc assurés quotidiennement par les dominicains.</p>
