{"id":503,"date":"2023-08-02T22:11:18","date_gmt":"2023-08-02T20:11:18","guid":{"rendered":"https:\/\/weekop.dominicains.com\/?page_id=503"},"modified":"2025-08-06T14:52:57","modified_gmt":"2025-08-06T12:52:57","slug":"adorations","status":"publish","type":"page","link":"https:\/\/weekop.dominicains.com\/index.php\/accueil\/prier\/adorations\/","title":{"rendered":"Adorations"},"content":{"rendered":"\n<p>L&rsquo;Adoration eucharistique a pour objet la divine personne de notre Seigneur J\u00e9sus-Christ pr\u00e9sent au Tr\u00e8s Saint-Sacrement. Il y est vivant, il veut que nous lui parlions, il nous parlera.<\/p>\n\n\n\n<p>Les adorations ont lieu dans l&rsquo;\u00e9glise Notre-Dame-des-Passes <a href=\"https:\/\/goo.gl\/maps\/cz9d15TEbXPP2Ba67\">\u27bd<\/a><\/p>\n\n\n\n<h3 class=\"wp-block-heading has-text-align-center has-luminous-vivid-amber-to-luminous-vivid-orange-gradient-background has-background\">Tous les jours<\/h3>\n\n\n\n<div class=\"wp-block-group\"><div class=\"wp-block-group__inner-container is-layout-constrained wp-block-group-is-layout-constrained\">\n<div class=\"wp-block-group\"><div class=\"wp-block-group__inner-container is-layout-constrained wp-block-group-is-layout-constrained\">\n<div class=\"wp-block-columns are-vertically-aligned-center is-not-stacked-on-mobile is-layout-flex wp-container-core-columns-is-layout-9d6595d7 wp-block-columns-is-layout-flex\">\n<div class=\"wp-block-column is-vertically-aligned-center is-layout-flow wp-block-column-is-layout-flow\" style=\"flex-basis:25%\">\n<p class=\"has-text-align-center\">10h30 &#8211; 12h<\/p>\n<\/div>\n\n\n\n<div class=\"wp-block-column is-vertically-aligned-center is-layout-flow wp-block-column-is-layout-flow\" style=\"flex-basis:75%\">\n<p>Adoration &amp; confessions<br><em>(sauf dimanche et Assomption)<\/em><\/p>\n<\/div>\n<\/div>\n<\/div><\/div>\n\n\n\n<div class=\"wp-block-columns are-vertically-aligned-center is-not-stacked-on-mobile is-layout-flex wp-container-core-columns-is-layout-9d6595d7 wp-block-columns-is-layout-flex\">\n<div class=\"wp-block-column is-vertically-aligned-center is-layout-flow wp-block-column-is-layout-flow\" style=\"flex-basis:25%\">\n<p class=\"has-text-align-center\">18h &#8211; 19h<\/p>\n<\/div>\n\n\n\n<div class=\"wp-block-column is-vertically-aligned-center is-layout-flow wp-block-column-is-layout-flow\" style=\"flex-basis:75%\">\n<p>Adoration &amp; confessions<br><em>(sauf dimanche et Assomption)<\/em><\/p>\n<\/div>\n<\/div>\n<\/div><\/div>\n\n\n\n<h3 class=\"wp-block-heading has-text-align-center has-luminous-vivid-amber-to-luminous-vivid-orange-gradient-background has-background\">Mardi 12 ao\u00fbt<\/h3>\n\n\n\n<div class=\"wp-block-columns are-vertically-aligned-center is-not-stacked-on-mobile is-layout-flex wp-container-core-columns-is-layout-9d6595d7 wp-block-columns-is-layout-flex\">\n<div class=\"wp-block-column is-vertically-aligned-center is-layout-flow wp-block-column-is-layout-flow\" style=\"flex-basis:25%\">\n<p class=\"has-text-align-center\">21h<\/p>\n<\/div>\n\n\n\n<div class=\"wp-block-column is-vertically-aligned-center is-layout-flow wp-block-column-is-layout-flow\" style=\"flex-basis:75%\">\n<p>Soir\u00e9e Mis\u00e9ricorde (adoration &amp; confessions)<\/p>\n<\/div>\n<\/div>\n\n\n\n<h3 class=\"wp-block-heading has-text-align-center has-white-color has-text-color has-background has-link-color wp-elements-615095d66d012e0459a88e25f350b8ba\" style=\"background-color:#153f6a\">Les veilleurs<\/h3>\n\n\n\n<p>Au c\u0153ur de la nuit, venez passer un temps privil\u00e9gi\u00e9 avec notre Seigneur\u2026<br>Adoration nocturne \u00e0 l&rsquo;\u00e9glise Notre-Dame-des-Passes (Moulleau) <a href=\"https:\/\/goo.gl\/maps\/cz9d15TEbXPP2Ba67\">\u27bd<\/a><\/p>\n\n\n\n<div class=\"wp-block-buttons is-content-justification-center is-layout-flex wp-container-core-buttons-is-layout-16018d1d wp-block-buttons-is-layout-flex\">\n<div class=\"wp-block-button is-style-outline is-style-outline--1\"><a class=\"wp-block-button__link has-text-color has-link-color has-text-align-center wp-element-button\" style=\"color:#153f6a\">Mardi 12<\/a><\/div>\n\n\n\n<div class=\"wp-block-button is-style-outline is-style-outline--2\"><a class=\"wp-block-button__link has-text-color has-link-color has-text-align-center wp-element-button\" style=\"color:#153f6a\">Mercredi 13<\/a><\/div>\n\n\n\n<div class=\"wp-block-button is-style-outline is-style-outline--3\"><a class=\"wp-block-button__link has-text-color has-link-color has-text-align-center wp-element-button\" style=\"color:#153f6a\">Jeudi 14<\/a><\/div>\n<\/div>\n","protected":false},"excerpt":{"rendered":"<p>L&rsquo;Adoration eucharistique a pour objet la divine personne de notre Seigneur J\u00e9sus-Christ pr\u00e9sent au Tr\u00e8s Saint-Sacrement. Il y est vivant, il veut que nous lui parlions, il nous parlera. Les adorations ont lieu dans l&rsquo;\u00e9glise Notre-Dame-des-Passes \u27bd Tous les jours 10h30 &#8211; 12h Adoration &amp; confessions(sauf dimanche et Assomption) 18h &#8211; 19h Adoration &amp; confessions(sauf &hellip; <a href=\"https:\/\/weekop.dominicains.com\/index.php\/accueil\/prier\/adorations\/\" class=\"more-link\">Continuer la lecture<span class=\"screen-reader-text\"> de &laquo;&nbsp;Adorations&nbsp;&raquo;<\/span><\/a><\/p>\n","protected":false},"author":1,"featured_media":0,"parent":497,"menu_order":0,"comment_status":"closed","ping_status":"closed","template":"","meta":{"footnotes":""},"class_list":["post-503","page","type-page","status-publish","hentry"],"_links":{"self":[{"href":"https:\/\/weekop.dominicains.com\/index.php\/wp-json\/wp\/v2\/pages\/503","targetHints":{"allow":["GET"]}}],"collection":[{"href":"https:\/\/weekop.dominicains.com\/index.php\/wp-json\/wp\/v2\/pages"}],"about":[{"href":"https:\/\/weekop.dominicains.com\/index.php\/wp-json\/wp\/v2\/types\/page"}],"author":[{"embeddable":true,"href":"https:\/\/weekop.dominicains.com\/index.php\/wp-json\/wp\/v2\/users\/1"}],"replies":[{"embeddable":true,"href":"https:\/\/weekop.dominicains.com\/index.php\/wp-json\/wp\/v2\/comments?post=503"}],"version-history":[{"count":23,"href":"https:\/\/weekop.dominicains.com\/index.php\/wp-json\/wp\/v2\/pages\/503\/revisions"}],"predecessor-version":[{"id":1654,"href":"https:\/\/weekop.dominicains.com\/index.php\/wp-json\/wp\/v2\/pages\/503\/revisions\/1654"}],"up":[{"embeddable":true,"href":"https:\/\/weekop.dominicains.com\/index.php\/wp-json\/wp\/v2\/pages\/497"}],"wp:attachment":[{"href":"https:\/\/weekop.dominicains.com\/index.php\/wp-json\/wp\/v2\/media?parent=503"}],"curies":[{"name":"wp","href":"https:\/\/api.w.org\/{rel}","templated":true}]}}

<p>L&rsquo;Adoration eucharistique a pour objet la divine personne de notre Seigneur Jésus-Christ présent au Très Saint-Sacrement. Il y est vivant, il veut que nous lui parlions, il nous parlera.</p>



<p>Les adorations ont lieu dans l&rsquo;église Notre-Dame-des-Passes <a href="https://goo.gl/maps/cz9d15TEbXPP2Ba67">➽</a></p>



<h3 class="wp-block-heading has-text-align-center has-luminous-vivid-amber-to-luminous-vivid-orange-gradient-background has-background">Tous les jours</h3>



<div class="wp-block-group"><div class="wp-block-group__inner-container is-layout-constrained wp-block-group-is-layout-constrained">
<div class="wp-block-group"><div class="wp-block-group__inner-container is-layout-constrained wp-block-group-is-layout-constrained">
<div class="wp-block-columns are-vertically-aligned-center is-not-stacked-on-mobile is-layout-flex wp-container-core-columns-is-layout-9d6595d7 wp-block-columns-is-layout-flex">
<div class="wp-block-column is-vertically-aligned-center is-layout-flow wp-block-column-is-layout-flow" style="flex-basis:25%">
<p class="has-text-align-center">10h30 &#8211; 12h</p>
</div>



<div class="wp-block-column is-vertically-aligned-center is-layout-flow wp-block-column-is-layout-flow" style="flex-basis:75%">
<p>Adoration &amp; confessions<br><em>(sauf dimanche et Assomption)</em></p>
</div>
</div>
</div></div>



<div class="wp-block-columns are-vertically-aligned-center is-not-stacked-on-mobile is-layout-flex wp-container-core-columns-is-layout-9d6595d7 wp-block-columns-is-layout-flex">
<div class="wp-block-column is-vertically-aligned-center is-layout-flow wp-block-column-is-layout-flow" style="flex-basis:25%">
<p class="has-text-align-center">18h &#8211; 19h</p>
</div>



<div class="wp-block-column is-vertically-aligned-center is-layout-flow wp-block-column-is-layout-flow" style="flex-basis:75%">
<p>Adoration &amp; confessions<br><em>(sauf dimanche et Assomption)</em></p>
</div>
</div>
</div></div>



<h3 class="wp-block-heading has-text-align-center has-luminous-vivid-amber-to-luminous-vivid-orange-gradient-background has-background">Mardi 12 août</h3>



<div class="wp-block-columns are-vertically-aligned-center is-not-stacked-on-mobile is-layout-flex wp-container-core-columns-is-layout-9d6595d7 wp-block-columns-is-layout-flex">
<div class="wp-block-column is-vertically-aligned-center is-layout-flow wp-block-column-is-layout-flow" style="flex-basis:25%">
<p class="has-text-align-center">21h</p>
</div>



<div class="wp-block-column is-vertically-aligned-center is-layout-flow wp-block-column-is-layout-flow" style="flex-basis:75%">
<p>Soirée Miséricorde (adoration &amp; confessions)</p>
</div>
</div>



<h3 class="wp-block-heading has-text-align-center has-white-color has-text-color has-background has-link-color wp-elements-615095d66d012e0459a88e25f350b8ba" style="background-color:#153f6a">Les veilleurs</h3>



<p>Au cœur de la nuit, venez passer un temps privilégié avec notre Seigneur…<br>Adoration nocturne à l&rsquo;église Notre-Dame-des-Passes (Moulleau) <a href="https://goo.gl/maps/cz9d15TEbXPP2Ba67">➽</a></p>



<div class="wp-block-buttons is-content-justification-center is-layout-flex wp-container-core-buttons-is-layout-16018d1d wp-block-buttons-is-layout-flex">
<div class="wp-block-button is-style-outline is-style-outline--1"><a class="wp-block-button__link has-text-color has-link-color has-text-align-center wp-element-button" style="color:#153f6a">Mardi 12</a></div>



<div class="wp-block-button is-style-outline is-style-outline--2"><a class="wp-block-button__link has-text-color has-link-color has-text-align-center wp-element-button" style="color:#153f6a">Mercredi 13</a></div>



<div class="wp-block-button is-style-outline is-style-outline--3"><a class="wp-block-button__link has-text-color has-link-color has-text-align-center wp-element-button" style="color:#153f6a">Jeudi 14</a></div>
</div>

<p>L&rsquo;Adoration eucharistique a pour objet la divine personne de notre Seigneur Jésus-Christ présent au Très Saint-Sacrement. Il y est vivant, il veut que nous lui parlions, il nous parlera. Les adorations ont lieu dans l&rsquo;église Notre-Dame-des-Passes ➽ Tous les jours 10h30 &#8211; 12h Adoration &amp; confessions(sauf dimanche et Assomption) 18h &#8211; 19h Adoration &amp; confessions(sauf &hellip; <a href="https://weekop.dominicains.com/index.php/accueil/prier/adorations/" class="more-link">Continuer la lecture<span class="screen-reader-text"> de &laquo;&nbsp;Adorations&nbsp;&raquo;</span></a></p>
