{"id":549,"date":"2023-08-02T22:49:22","date_gmt":"2023-08-02T20:49:22","guid":{"rendered":"https:\/\/weekop.dominicains.com\/?page_id=549"},"modified":"2025-08-06T14:54:52","modified_gmt":"2025-08-06T12:54:52","slug":"processions","status":"publish","type":"page","link":"https:\/\/weekop.dominicains.com\/index.php\/accueil\/prier\/processions\/","title":{"rendered":"Processions"},"content":{"rendered":"\n<h3 class=\"wp-block-heading has-text-align-center has-white-color has-luminous-vivid-amber-to-luminous-vivid-orange-gradient-background has-text-color has-background has-link-color wp-elements-74a4755f88f6e961a517f42fd2433795\">Dimanche 10 ao\u00fbt<\/h3>\n\n\n\n<h4 class=\"wp-block-heading has-text-align-center has-text-color has-link-color wp-elements-755ad070150d44f5b25bdd508752e416\" style=\"color:#ffbb30\">Procession eucharistique<\/h4>\n\n\n\n<div class=\"wp-block-columns are-vertically-aligned-center is-not-stacked-on-mobile is-layout-flex wp-container-core-columns-is-layout-9d6595d7 wp-block-columns-is-layout-flex\">\n<div class=\"wp-block-column is-vertically-aligned-center is-layout-flow wp-block-column-is-layout-flow\" style=\"flex-basis:25%\">\n<p class=\"has-text-align-center\">20h<\/p>\n<\/div>\n\n\n\n<div class=\"wp-block-column is-vertically-aligned-center is-layout-flow wp-block-column-is-layout-flow\" style=\"flex-basis:75%\">\n<p><em>Rendez-vous au pied de la dune (c\u00f4t\u00e9 mer)<\/em>&nbsp;<a href=\"https:\/\/maps.app.goo.gl\/sJDqhzVE5BYrTmtN9\">\u27bd<\/a><\/p>\n<\/div>\n<\/div>\n\n\n\n<h3 class=\"wp-block-heading has-text-align-center has-white-color has-luminous-vivid-amber-to-luminous-vivid-orange-gradient-background has-text-color has-background has-link-color wp-elements-d891b1659e3f654e109817a217b936c2\">Jeudi 14 ao\u00fbt<\/h3>\n\n\n\n<h4 class=\"wp-block-heading has-text-align-center has-text-color has-link-color wp-elements-af20d62048af71500ac92e5bcec05fac\" style=\"color:#ffbb30\">Vigiles de l&rsquo;Assomption<\/h4>\n\n\n\n<div class=\"wp-block-columns are-vertically-aligned-center is-not-stacked-on-mobile is-layout-flex wp-container-core-columns-is-layout-9d6595d7 wp-block-columns-is-layout-flex\">\n<div class=\"wp-block-column is-vertically-aligned-center is-layout-flow wp-block-column-is-layout-flow\" style=\"flex-basis:25%\">\n<p class=\"has-text-align-center\">21h<\/p>\n<\/div>\n\n\n\n<div class=\"wp-block-column is-vertically-aligned-center is-layout-flow wp-block-column-is-layout-flow\" style=\"flex-basis:75%\">\n<p><a href=\"https:\/\/www.aelf.org\/2025-08-15\/romain\/messe\" target=\"_blank\" rel=\"noreferrer noopener\">Messe<\/a> de Vigiles de l&rsquo;Assomption<br>Procession mariale <a href=\"https:\/\/maps.app.goo.gl\/QeWJuaWobVv7xXnL8\">\u27bd<\/a><\/p>\n<\/div>\n<\/div>\n","protected":false},"excerpt":{"rendered":"<p>Dimanche 10 ao\u00fbt Procession eucharistique 20h Rendez-vous au pied de la dune (c\u00f4t\u00e9 mer)&nbsp;\u27bd Jeudi 14 ao\u00fbt Vigiles de l&rsquo;Assomption 21h Messe de Vigiles de l&rsquo;AssomptionProcession mariale \u27bd<\/p>\n","protected":false},"author":1,"featured_media":0,"parent":497,"menu_order":0,"comment_status":"closed","ping_status":"closed","template":"","meta":{"footnotes":""},"class_list":["post-549","page","type-page","status-publish","hentry"],"_links":{"self":[{"href":"https:\/\/weekop.dominicains.com\/index.php\/wp-json\/wp\/v2\/pages\/549","targetHints":{"allow":["GET"]}}],"collection":[{"href":"https:\/\/weekop.dominicains.com\/index.php\/wp-json\/wp\/v2\/pages"}],"about":[{"href":"https:\/\/weekop.dominicains.com\/index.php\/wp-json\/wp\/v2\/types\/page"}],"author":[{"embeddable":true,"href":"https:\/\/weekop.dominicains.com\/index.php\/wp-json\/wp\/v2\/users\/1"}],"replies":[{"embeddable":true,"href":"https:\/\/weekop.dominicains.com\/index.php\/wp-json\/wp\/v2\/comments?post=549"}],"version-history":[{"count":18,"href":"https:\/\/weekop.dominicains.com\/index.php\/wp-json\/wp\/v2\/pages\/549\/revisions"}],"predecessor-version":[{"id":1655,"href":"https:\/\/weekop.dominicains.com\/index.php\/wp-json\/wp\/v2\/pages\/549\/revisions\/1655"}],"up":[{"embeddable":true,"href":"https:\/\/weekop.dominicains.com\/index.php\/wp-json\/wp\/v2\/pages\/497"}],"wp:attachment":[{"href":"https:\/\/weekop.dominicains.com\/index.php\/wp-json\/wp\/v2\/media?parent=549"}],"curies":[{"name":"wp","href":"https:\/\/api.w.org\/{rel}","templated":true}]}}

<h3 class="wp-block-heading has-text-align-center has-white-color has-luminous-vivid-amber-to-luminous-vivid-orange-gradient-background has-text-color has-background has-link-color wp-elements-74a4755f88f6e961a517f42fd2433795">Dimanche 10 août</h3>



<h4 class="wp-block-heading has-text-align-center has-text-color has-link-color wp-elements-755ad070150d44f5b25bdd508752e416" style="color:#ffbb30">Procession eucharistique</h4>



<div class="wp-block-columns are-vertically-aligned-center is-not-stacked-on-mobile is-layout-flex wp-container-core-columns-is-layout-9d6595d7 wp-block-columns-is-layout-flex">
<div class="wp-block-column is-vertically-aligned-center is-layout-flow wp-block-column-is-layout-flow" style="flex-basis:25%">
<p class="has-text-align-center">20h</p>
</div>



<div class="wp-block-column is-vertically-aligned-center is-layout-flow wp-block-column-is-layout-flow" style="flex-basis:75%">
<p><em>Rendez-vous au pied de la dune (côté mer)</em>&nbsp;<a href="https://maps.app.goo.gl/sJDqhzVE5BYrTmtN9">➽</a></p>
</div>
</div>



<h3 class="wp-block-heading has-text-align-center has-white-color has-luminous-vivid-amber-to-luminous-vivid-orange-gradient-background has-text-color has-background has-link-color wp-elements-d891b1659e3f654e109817a217b936c2">Jeudi 14 août</h3>



<h4 class="wp-block-heading has-text-align-center has-text-color has-link-color wp-elements-af20d62048af71500ac92e5bcec05fac" style="color:#ffbb30">Vigiles de l&rsquo;Assomption</h4>



<div class="wp-block-columns are-vertically-aligned-center is-not-stacked-on-mobile is-layout-flex wp-container-core-columns-is-layout-9d6595d7 wp-block-columns-is-layout-flex">
<div class="wp-block-column is-vertically-aligned-center is-layout-flow wp-block-column-is-layout-flow" style="flex-basis:25%">
<p class="has-text-align-center">21h</p>
</div>



<div class="wp-block-column is-vertically-aligned-center is-layout-flow wp-block-column-is-layout-flow" style="flex-basis:75%">
<p><a href="https://www.aelf.org/2025-08-15/romain/messe" target="_blank" rel="noreferrer noopener">Messe</a> de Vigiles de l&rsquo;Assomption<br>Procession mariale <a href="https://maps.app.goo.gl/QeWJuaWobVv7xXnL8">➽</a></p>
</div>
</div>

<p>Dimanche 10 août Procession eucharistique 20h Rendez-vous au pied de la dune (côté mer)&nbsp;➽ Jeudi 14 août Vigiles de l&rsquo;Assomption 21h Messe de Vigiles de l&rsquo;AssomptionProcession mariale ➽</p>
