{"id":561,"date":"2023-08-02T23:03:57","date_gmt":"2023-08-02T21:03:57","guid":{"rendered":"https:\/\/weekop.dominicains.com\/?page_id=561"},"modified":"2025-08-06T12:07:23","modified_gmt":"2025-08-06T10:07:23","slug":"chapelet","status":"publish","type":"page","link":"https:\/\/weekop.dominicains.com\/index.php\/accueil\/prier\/chapelet\/","title":{"rendered":"Chapelet"},"content":{"rendered":"\n<p>Le Rosaire est un minist\u00e8re traditionnel dans l\u2019Ordre des Dominicains.<br>Son but est de diffuser la pri\u00e8re mariale du Rosaire et par elle la doctrine catholique.<\/p>\n\n\n\n<p class=\"has-text-align-center\">Pendant la Week OP, le chapelet sera pri\u00e9 <strong>tous les jours de 12h \u00e0 12h30<\/strong> <em>(sauf dimanche et Assomption)<\/em> \u00e0 l&rsquo;\u00e9glise Notre-Dame-des-Passes<a href=\"https:\/\/goo.gl\/maps\/cz9d15TEbXPP2Ba67\">\u27bd<\/a><\/p>\n\n\n\n<h2 class=\"wp-block-heading has-text-align-center has-luminous-vivid-amber-to-luminous-vivid-orange-gradient-background has-background\">Comment prier<\/h2>\n\n\n\n<p>Tout d&rsquo;abord, le chapelet commence par un signe de croix.<br>On r\u00e9cite ensuite le symbole des ap\u00f4tres (credo),<br>puis 1 Notre P\u00e8re<br>et 3 Je vous salue Marie pour les trois vertus th\u00e9ologales (Foi, Esp\u00e9rance, Charit\u00e9)<\/p>\n\n\n\n<p>Commencent ensuite les 5 dizaines du chapelet, compos\u00e9es de 1 Notre P\u00e8re, 10 Je vous salue Marie, d&rsquo;un Gloire au P\u00e8re et de la pri\u00e8re de Fatima.<\/p>\n\n\n\n<figure class=\"wp-block-image size-full\"><img loading=\"lazy\" decoding=\"async\" width=\"780\" height=\"540\" src=\"https:\/\/weekop.dominicains.com\/wp-content\/uploads\/2023\/08\/chapelet-2-2.jpg\" alt=\"\" class=\"wp-image-1026\" srcset=\"https:\/\/weekop.dominicains.com\/wp-content\/uploads\/2023\/08\/chapelet-2-2.jpg 780w, https:\/\/weekop.dominicains.com\/wp-content\/uploads\/2023\/08\/chapelet-2-2-300x208.jpg 300w, https:\/\/weekop.dominicains.com\/wp-content\/uploads\/2023\/08\/chapelet-2-2-768x532.jpg 768w\" sizes=\"auto, (max-width: 780px) 85vw, 780px\" \/><\/figure>\n\n\n\n<ol class=\"wp-block-list\">\n<li><a href=\"https:\/\/weekop.dominicains.com\/index.php\/accueil\/prier\/chapelet\/credo\/\">Credo<\/a><\/li>\n\n\n\n<li><a href=\"https:\/\/weekop.dominicains.com\/index.php\/accueil\/prier\/chapelet\/notre-pere\/\">Notre P\u00e8re<\/a><\/li>\n\n\n\n<li>3 <a href=\"https:\/\/weekop.dominicains.com\/index.php\/accueil\/prier\/chapelet\/je-vous-salue-marie\/\">Je vous salue Marie<\/a><\/li>\n\n\n\n<li><a href=\"https:\/\/weekop.dominicains.com\/index.php\/accueil\/prier\/chapelet\/gloire-au-pere\/\">Gloire au P\u00e8re<\/a><\/li>\n\n\n\n<li><a href=\"https:\/\/weekop.dominicains.com\/index.php\/accueil\/prier\/chapelet\/notre-pere\/\">Notre P\u00e8re<\/a><\/li>\n\n\n\n<li>10 <a href=\"https:\/\/weekop.dominicains.com\/index.php\/accueil\/prier\/chapelet\/je-vous-salue-marie\/\">Je vous salue Marie<\/a><\/li>\n\n\n\n<li><a href=\"https:\/\/weekop.dominicains.com\/index.php\/accueil\/prier\/chapelet\/gloire-au-pere\/\">Gloire au P\u00e8re<\/a> &amp; <a href=\"https:\/\/weekop.dominicains.com\/index.php\/accueil\/prier\/chapelet\/priere-de-fatima\/\">Pri\u00e8re de Fatima<\/a><\/li>\n<\/ol>\n\n\n\n<h2 class=\"wp-block-heading has-text-align-center has-luminous-vivid-amber-to-luminous-vivid-orange-gradient-background has-background\">M\u00e9diter les myst\u00e8res<\/h2>\n\n\n\n<p>Au d\u00e9but de chaque dizaine, on m\u00e9dite un \u00ab\u00a0myst\u00e8re\u00a0\u00bb. Un myst\u00e8re est un passage remarquable de la vie de J\u00e9sus. A chaque myst\u00e8re est associ\u00e9 un \u00ab\u00a0fruit\u00a0\u00bb, comprendre un enseignement de la part de J\u00e9sus.<\/p>\n\n\n\n<div class=\"wp-block-buttons is-vertical is-content-justification-center is-layout-flex wp-container-core-buttons-is-layout-9a7cdcfd wp-block-buttons-is-layout-flex\">\n<div class=\"wp-block-button has-custom-width wp-block-button__width-100 is-style-outline is-style-outline--1\"><a class=\"wp-block-button__link has-light-blue-background-color has-background wp-element-button\" href=\"https:\/\/weekop.dominicains.com\/index.php\/accueil\/prier\/chapelet\/mysteres-joyeux\/\">5 myst\u00e8res joyeux<\/a><\/div>\n\n\n\n<div class=\"wp-block-button has-custom-width wp-block-button__width-100 is-style-outline is-style-outline--2\"><a class=\"wp-block-button__link has-yellow-background-color has-background wp-element-button\" href=\"https:\/\/weekop.dominicains.com\/index.php\/accueil\/prier\/chapelet\/mysteres-lumineux\/\">5 myst\u00e8res lumineux<\/a><\/div>\n\n\n\n<div class=\"wp-block-button has-custom-width wp-block-button__width-100 is-style-outline is-style-outline--3\"><a class=\"wp-block-button__link has-bright-red-background-color has-background wp-element-button\" href=\"https:\/\/weekop.dominicains.com\/index.php\/accueil\/prier\/chapelet\/mysteres-douloureux\/\">5 myst\u00e8res douloureux<\/a><\/div>\n\n\n\n<div class=\"wp-block-button has-custom-width wp-block-button__width-100 is-style-outline is-style-outline--4\"><a class=\"wp-block-button__link has-background wp-element-button\" href=\"https:\/\/weekop.dominicains.com\/index.php\/accueil\/prier\/chapelet\/mysteres-glorieux\/\" style=\"background-color:#ffcc5e\">5 myst\u00e8res glorieux<\/a><\/div>\n<\/div>\n\n\n\n<p>Chaque jour est r\u00e9cit\u00e9 une s\u00e9rie diff\u00e9rente :<\/p>\n\n\n\n<ul class=\"wp-block-list\">\n<li>Lundi : Joyeux<\/li>\n\n\n\n<li>Mardi : Douloureux<\/li>\n\n\n\n<li>Mercredi : Glorieux<\/li>\n\n\n\n<li>Jeudi : Lumineux<\/li>\n\n\n\n<li>Vendredi : Douloureux<\/li>\n\n\n\n<li>Samedi : Joyeux<\/li>\n\n\n\n<li>Dimanche : Glorieux<\/li>\n<\/ul>\n","protected":false},"excerpt":{"rendered":"<p>Le Rosaire est un minist\u00e8re traditionnel dans l\u2019Ordre des Dominicains.Son but est de diffuser la pri\u00e8re mariale du Rosaire et par elle la doctrine catholique. Pendant la Week OP, le chapelet sera pri\u00e9 tous les jours de 12h \u00e0 12h30 (sauf dimanche et Assomption) \u00e0 l&rsquo;\u00e9glise Notre-Dame-des-Passes\u27bd Comment prier Tout d&rsquo;abord, le chapelet commence par &hellip; <a href=\"https:\/\/weekop.dominicains.com\/index.php\/accueil\/prier\/chapelet\/\" class=\"more-link\">Continuer la lecture<span class=\"screen-reader-text\"> de &laquo;&nbsp;Chapelet&nbsp;&raquo;<\/span><\/a><\/p>\n","protected":false},"author":1,"featured_media":0,"parent":497,"menu_order":0,"comment_status":"closed","ping_status":"closed","template":"","meta":{"footnotes":""},"class_list":["post-561","page","type-page","status-publish","hentry"],"_links":{"self":[{"href":"https:\/\/weekop.dominicains.com\/index.php\/wp-json\/wp\/v2\/pages\/561","targetHints":{"allow":["GET"]}}],"collection":[{"href":"https:\/\/weekop.dominicains.com\/index.php\/wp-json\/wp\/v2\/pages"}],"about":[{"href":"https:\/\/weekop.dominicains.com\/index.php\/wp-json\/wp\/v2\/types\/page"}],"author":[{"embeddable":true,"href":"https:\/\/weekop.dominicains.com\/index.php\/wp-json\/wp\/v2\/users\/1"}],"replies":[{"embeddable":true,"href":"https:\/\/weekop.dominicains.com\/index.php\/wp-json\/wp\/v2\/comments?post=561"}],"version-history":[{"count":30,"href":"https:\/\/weekop.dominicains.com\/index.php\/wp-json\/wp\/v2\/pages\/561\/revisions"}],"predecessor-version":[{"id":1651,"href":"https:\/\/weekop.dominicains.com\/index.php\/wp-json\/wp\/v2\/pages\/561\/revisions\/1651"}],"up":[{"embeddable":true,"href":"https:\/\/weekop.dominicains.com\/index.php\/wp-json\/wp\/v2\/pages\/497"}],"wp:attachment":[{"href":"https:\/\/weekop.dominicains.com\/index.php\/wp-json\/wp\/v2\/media?parent=561"}],"curies":[{"name":"wp","href":"https:\/\/api.w.org\/{rel}","templated":true}]}}

<p>Le Rosaire est un ministère traditionnel dans l’Ordre des Dominicains.<br>Son but est de diffuser la prière mariale du Rosaire et par elle la doctrine catholique.</p>



<p class="has-text-align-center">Pendant la Week OP, le chapelet sera prié <strong>tous les jours de 12h à 12h30</strong> <em>(sauf dimanche et Assomption)</em> à l&rsquo;église Notre-Dame-des-Passes<a href="https://goo.gl/maps/cz9d15TEbXPP2Ba67">➽</a></p>



<h2 class="wp-block-heading has-text-align-center has-luminous-vivid-amber-to-luminous-vivid-orange-gradient-background has-background">Comment prier</h2>



<p>Tout d&rsquo;abord, le chapelet commence par un signe de croix.<br>On récite ensuite le symbole des apôtres (credo),<br>puis 1 Notre Père<br>et 3 Je vous salue Marie pour les trois vertus théologales (Foi, Espérance, Charité)</p>



<p>Commencent ensuite les 5 dizaines du chapelet, composées de 1 Notre Père, 10 Je vous salue Marie, d&rsquo;un Gloire au Père et de la prière de Fatima.</p>



<figure class="wp-block-image size-full"><img loading="lazy" decoding="async" width="780" height="540" src="https://weekop.dominicains.com/wp-content/uploads/2023/08/chapelet-2-2.jpg" alt="" class="wp-image-1026" srcset="https://weekop.dominicains.com/wp-content/uploads/2023/08/chapelet-2-2.jpg 780w, https://weekop.dominicains.com/wp-content/uploads/2023/08/chapelet-2-2-300x208.jpg 300w, https://weekop.dominicains.com/wp-content/uploads/2023/08/chapelet-2-2-768x532.jpg 768w" sizes="auto, (max-width: 780px) 85vw, 780px" /></figure>



<ol class="wp-block-list">
<li><a href="https://weekop.dominicains.com/index.php/accueil/prier/chapelet/credo/">Credo</a></li>



<li><a href="https://weekop.dominicains.com/index.php/accueil/prier/chapelet/notre-pere/">Notre Père</a></li>



<li>3 <a href="https://weekop.dominicains.com/index.php/accueil/prier/chapelet/je-vous-salue-marie/">Je vous salue Marie</a></li>



<li><a href="https://weekop.dominicains.com/index.php/accueil/prier/chapelet/gloire-au-pere/">Gloire au Père</a></li>



<li><a href="https://weekop.dominicains.com/index.php/accueil/prier/chapelet/notre-pere/">Notre Père</a></li>



<li>10 <a href="https://weekop.dominicains.com/index.php/accueil/prier/chapelet/je-vous-salue-marie/">Je vous salue Marie</a></li>



<li><a href="https://weekop.dominicains.com/index.php/accueil/prier/chapelet/gloire-au-pere/">Gloire au Père</a> &amp; <a href="https://weekop.dominicains.com/index.php/accueil/prier/chapelet/priere-de-fatima/">Prière de Fatima</a></li>
</ol>



<h2 class="wp-block-heading has-text-align-center has-luminous-vivid-amber-to-luminous-vivid-orange-gradient-background has-background">Méditer les mystères</h2>



<p>Au début de chaque dizaine, on médite un « mystère ». Un mystère est un passage remarquable de la vie de Jésus. A chaque mystère est associé un « fruit », comprendre un enseignement de la part de Jésus.</p>



<div class="wp-block-buttons is-vertical is-content-justification-center is-layout-flex wp-container-core-buttons-is-layout-9a7cdcfd wp-block-buttons-is-layout-flex">
<div class="wp-block-button has-custom-width wp-block-button__width-100 is-style-outline is-style-outline--1"><a class="wp-block-button__link has-light-blue-background-color has-background wp-element-button" href="https://weekop.dominicains.com/index.php/accueil/prier/chapelet/mysteres-joyeux/">5 mystères joyeux</a></div>



<div class="wp-block-button has-custom-width wp-block-button__width-100 is-style-outline is-style-outline--2"><a class="wp-block-button__link has-yellow-background-color has-background wp-element-button" href="https://weekop.dominicains.com/index.php/accueil/prier/chapelet/mysteres-lumineux/">5 mystères lumineux</a></div>



<div class="wp-block-button has-custom-width wp-block-button__width-100 is-style-outline is-style-outline--3"><a class="wp-block-button__link has-bright-red-background-color has-background wp-element-button" href="https://weekop.dominicains.com/index.php/accueil/prier/chapelet/mysteres-douloureux/">5 mystères douloureux</a></div>



<div class="wp-block-button has-custom-width wp-block-button__width-100 is-style-outline is-style-outline--4"><a class="wp-block-button__link has-background wp-element-button" href="https://weekop.dominicains.com/index.php/accueil/prier/chapelet/mysteres-glorieux/" style="background-color:#ffcc5e">5 mystères glorieux</a></div>
</div>



<p>Chaque jour est récité une série différente :</p>



<ul class="wp-block-list">
<li>Lundi : Joyeux</li>



<li>Mardi : Douloureux</li>



<li>Mercredi : Glorieux</li>



<li>Jeudi : Lumineux</li>



<li>Vendredi : Douloureux</li>



<li>Samedi : Joyeux</li>



<li>Dimanche : Glorieux</li>
</ul>

<p>Le Rosaire est un ministère traditionnel dans l’Ordre des Dominicains.Son but est de diffuser la prière mariale du Rosaire et par elle la doctrine catholique. Pendant la Week OP, le chapelet sera prié tous les jours de 12h à 12h30 (sauf dimanche et Assomption) à l&rsquo;église Notre-Dame-des-Passes➽ Comment prier Tout d&rsquo;abord, le chapelet commence par &hellip; <a href="https://weekop.dominicains.com/index.php/accueil/prier/chapelet/" class="more-link">Continuer la lecture<span class="screen-reader-text"> de &laquo;&nbsp;Chapelet&nbsp;&raquo;</span></a></p>
