{"id":750,"date":"2023-08-04T14:25:23","date_gmt":"2023-08-04T12:25:23","guid":{"rendered":"https:\/\/weekop.dominicains.com\/?page_id=750"},"modified":"2025-08-06T11:04:19","modified_gmt":"2025-08-06T09:04:19","slug":"conference","status":"publish","type":"page","link":"https:\/\/weekop.dominicains.com\/index.php\/accueil\/se-former\/conference\/","title":{"rendered":"Conf\u00e9rences"},"content":{"rendered":"\n<p>Les conf\u00e9rences ont lieu \u00e0 21h dans l&rsquo;\u00e9glise Notre-Dame-des-Passes <a href=\"https:\/\/goo.gl\/maps\/cz9d15TEbXPP2Ba67\">\u27bd<\/a><\/p>\n\n\n\n<h3 class=\"wp-block-heading has-text-align-center has-luminous-vivid-amber-to-luminous-vivid-orange-gradient-background has-background\">Samedi 9 ao\u00fbt<\/h3>\n\n\n\n<div class=\"wp-block-columns is-layout-flex wp-container-core-columns-is-layout-9d6595d7 wp-block-columns-is-layout-flex\">\n<div class=\"wp-block-column is-layout-flow wp-block-column-is-layout-flow\" style=\"flex-basis:50%\">\n<figure class=\"wp-block-image size-large\"><img loading=\"lazy\" decoding=\"async\" width=\"724\" height=\"1024\" src=\"https:\/\/weekop.dominicains.com\/wp-content\/uploads\/2025\/08\/La-douceur-chretienne-sans-contrefacons-724x1024.png\" alt=\"\" class=\"wp-image-1608\" srcset=\"https:\/\/weekop.dominicains.com\/wp-content\/uploads\/2025\/08\/La-douceur-chretienne-sans-contrefacons-724x1024.png 724w, https:\/\/weekop.dominicains.com\/wp-content\/uploads\/2025\/08\/La-douceur-chretienne-sans-contrefacons-212x300.png 212w, https:\/\/weekop.dominicains.com\/wp-content\/uploads\/2025\/08\/La-douceur-chretienne-sans-contrefacons-768x1086.png 768w, https:\/\/weekop.dominicains.com\/wp-content\/uploads\/2025\/08\/La-douceur-chretienne-sans-contrefacons-1086x1536.png 1086w, https:\/\/weekop.dominicains.com\/wp-content\/uploads\/2025\/08\/La-douceur-chretienne-sans-contrefacons-1200x1697.png 1200w, https:\/\/weekop.dominicains.com\/wp-content\/uploads\/2025\/08\/La-douceur-chretienne-sans-contrefacons.png 1414w\" sizes=\"auto, (max-width: 724px) 85vw, 724px\" \/><\/figure>\n<\/div>\n\n\n\n<div class=\"wp-block-column is-vertically-aligned-bottom is-layout-flow wp-block-column-is-layout-flow\" style=\"flex-basis:50%\">\n<blockquote class=\"wp-block-quote is-layout-flow wp-block-quote-is-layout-flow\">\n<p id=\"block-432ada82-00cd-4ad1-bae1-1d12ce834b9a\">La douceur chr\u00e9tienne sans contrefa\u00e7on<\/p>\n<cite>fr\u00e8re Jean-Thomas o.p.<\/cite><\/blockquote>\n<\/div>\n<\/div>\n\n\n\n<h3 class=\"wp-block-heading has-text-align-center has-luminous-vivid-amber-to-luminous-vivid-orange-gradient-background has-background\">Mercredi 13 ao\u00fbt<\/h3>\n\n\n\n<div class=\"wp-block-columns is-layout-flex wp-container-core-columns-is-layout-9d6595d7 wp-block-columns-is-layout-flex\">\n<div class=\"wp-block-column is-layout-flow wp-block-column-is-layout-flow\" style=\"flex-basis:50%\">\n<figure class=\"wp-block-image size-large\"><img loading=\"lazy\" decoding=\"async\" width=\"724\" height=\"1024\" src=\"https:\/\/weekop.dominicains.com\/wp-content\/uploads\/2025\/08\/La-Jerusalem-que-Jesus-a-connue-724x1024.png\" alt=\"\" class=\"wp-image-1609\" srcset=\"https:\/\/weekop.dominicains.com\/wp-content\/uploads\/2025\/08\/La-Jerusalem-que-Jesus-a-connue-724x1024.png 724w, https:\/\/weekop.dominicains.com\/wp-content\/uploads\/2025\/08\/La-Jerusalem-que-Jesus-a-connue-212x300.png 212w, https:\/\/weekop.dominicains.com\/wp-content\/uploads\/2025\/08\/La-Jerusalem-que-Jesus-a-connue-768x1086.png 768w, https:\/\/weekop.dominicains.com\/wp-content\/uploads\/2025\/08\/La-Jerusalem-que-Jesus-a-connue-1086x1536.png 1086w, https:\/\/weekop.dominicains.com\/wp-content\/uploads\/2025\/08\/La-Jerusalem-que-Jesus-a-connue-1200x1697.png 1200w, https:\/\/weekop.dominicains.com\/wp-content\/uploads\/2025\/08\/La-Jerusalem-que-Jesus-a-connue.png 1414w\" sizes=\"auto, (max-width: 724px) 85vw, 724px\" \/><\/figure>\n<\/div>\n\n\n\n<div class=\"wp-block-column is-vertically-aligned-bottom is-layout-flow wp-block-column-is-layout-flow\" style=\"flex-basis:50%\">\n<blockquote class=\"wp-block-quote is-layout-flow wp-block-quote-is-layout-flow\">\n<p id=\"block-0d2963f5-6fcb-4143-94df-00464394f583\">La J\u00e9rusalem que J\u00e9sus a connue<\/p>\n<cite>fr\u00e8re Dominique-Marie o.p.<\/cite><\/blockquote>\n<\/div>\n<\/div>\n\n\n\n<p><\/p>\n","protected":false},"excerpt":{"rendered":"<p>Les conf\u00e9rences ont lieu \u00e0 21h dans l&rsquo;\u00e9glise Notre-Dame-des-Passes \u27bd Samedi 9 ao\u00fbt La douceur chr\u00e9tienne sans contrefa\u00e7on Mercredi 13 ao\u00fbt La J\u00e9rusalem que J\u00e9sus a connue<\/p>\n","protected":false},"author":1,"featured_media":0,"parent":450,"menu_order":0,"comment_status":"closed","ping_status":"closed","template":"","meta":{"footnotes":""},"class_list":["post-750","page","type-page","status-publish","hentry"],"_links":{"self":[{"href":"https:\/\/weekop.dominicains.com\/index.php\/wp-json\/wp\/v2\/pages\/750","targetHints":{"allow":["GET"]}}],"collection":[{"href":"https:\/\/weekop.dominicains.com\/index.php\/wp-json\/wp\/v2\/pages"}],"about":[{"href":"https:\/\/weekop.dominicains.com\/index.php\/wp-json\/wp\/v2\/types\/page"}],"author":[{"embeddable":true,"href":"https:\/\/weekop.dominicains.com\/index.php\/wp-json\/wp\/v2\/users\/1"}],"replies":[{"embeddable":true,"href":"https:\/\/weekop.dominicains.com\/index.php\/wp-json\/wp\/v2\/comments?post=750"}],"version-history":[{"count":24,"href":"https:\/\/weekop.dominicains.com\/index.php\/wp-json\/wp\/v2\/pages\/750\/revisions"}],"predecessor-version":[{"id":1611,"href":"https:\/\/weekop.dominicains.com\/index.php\/wp-json\/wp\/v2\/pages\/750\/revisions\/1611"}],"up":[{"embeddable":true,"href":"https:\/\/weekop.dominicains.com\/index.php\/wp-json\/wp\/v2\/pages\/450"}],"wp:attachment":[{"href":"https:\/\/weekop.dominicains.com\/index.php\/wp-json\/wp\/v2\/media?parent=750"}],"curies":[{"name":"wp","href":"https:\/\/api.w.org\/{rel}","templated":true}]}}

Conférences

<p>Les conférences ont lieu à 21h dans l&rsquo;église Notre-Dame-des-Passes <a href="https://goo.gl/maps/cz9d15TEbXPP2Ba67">➽</a></p>



<h3 class="wp-block-heading has-text-align-center has-luminous-vivid-amber-to-luminous-vivid-orange-gradient-background has-background">Samedi 9 août</h3>



<div class="wp-block-columns is-layout-flex wp-container-core-columns-is-layout-9d6595d7 wp-block-columns-is-layout-flex">
<div class="wp-block-column is-layout-flow wp-block-column-is-layout-flow" style="flex-basis:50%">
<figure class="wp-block-image size-large"><img loading="lazy" decoding="async" width="724" height="1024" src="https://weekop.dominicains.com/wp-content/uploads/2025/08/La-douceur-chretienne-sans-contrefacons-724x1024.png" alt="" class="wp-image-1608" srcset="https://weekop.dominicains.com/wp-content/uploads/2025/08/La-douceur-chretienne-sans-contrefacons-724x1024.png 724w, https://weekop.dominicains.com/wp-content/uploads/2025/08/La-douceur-chretienne-sans-contrefacons-212x300.png 212w, https://weekop.dominicains.com/wp-content/uploads/2025/08/La-douceur-chretienne-sans-contrefacons-768x1086.png 768w, https://weekop.dominicains.com/wp-content/uploads/2025/08/La-douceur-chretienne-sans-contrefacons-1086x1536.png 1086w, https://weekop.dominicains.com/wp-content/uploads/2025/08/La-douceur-chretienne-sans-contrefacons-1200x1697.png 1200w, https://weekop.dominicains.com/wp-content/uploads/2025/08/La-douceur-chretienne-sans-contrefacons.png 1414w" sizes="auto, (max-width: 724px) 85vw, 724px" /></figure>
</div>



<div class="wp-block-column is-vertically-aligned-bottom is-layout-flow wp-block-column-is-layout-flow" style="flex-basis:50%">
<blockquote class="wp-block-quote is-layout-flow wp-block-quote-is-layout-flow">
<p id="block-432ada82-00cd-4ad1-bae1-1d12ce834b9a">La douceur chrétienne sans contrefaçon</p>
<cite>frère Jean-Thomas o.p.</cite></blockquote>
</div>
</div>



<h3 class="wp-block-heading has-text-align-center has-luminous-vivid-amber-to-luminous-vivid-orange-gradient-background has-background">Mercredi 13 août</h3>



<div class="wp-block-columns is-layout-flex wp-container-core-columns-is-layout-9d6595d7 wp-block-columns-is-layout-flex">
<div class="wp-block-column is-layout-flow wp-block-column-is-layout-flow" style="flex-basis:50%">
<figure class="wp-block-image size-large"><img loading="lazy" decoding="async" width="724" height="1024" src="https://weekop.dominicains.com/wp-content/uploads/2025/08/La-Jerusalem-que-Jesus-a-connue-724x1024.png" alt="" class="wp-image-1609" srcset="https://weekop.dominicains.com/wp-content/uploads/2025/08/La-Jerusalem-que-Jesus-a-connue-724x1024.png 724w, https://weekop.dominicains.com/wp-content/uploads/2025/08/La-Jerusalem-que-Jesus-a-connue-212x300.png 212w, https://weekop.dominicains.com/wp-content/uploads/2025/08/La-Jerusalem-que-Jesus-a-connue-768x1086.png 768w, https://weekop.dominicains.com/wp-content/uploads/2025/08/La-Jerusalem-que-Jesus-a-connue-1086x1536.png 1086w, https://weekop.dominicains.com/wp-content/uploads/2025/08/La-Jerusalem-que-Jesus-a-connue-1200x1697.png 1200w, https://weekop.dominicains.com/wp-content/uploads/2025/08/La-Jerusalem-que-Jesus-a-connue.png 1414w" sizes="auto, (max-width: 724px) 85vw, 724px" /></figure>
</div>



<div class="wp-block-column is-vertically-aligned-bottom is-layout-flow wp-block-column-is-layout-flow" style="flex-basis:50%">
<blockquote class="wp-block-quote is-layout-flow wp-block-quote-is-layout-flow">
<p id="block-0d2963f5-6fcb-4143-94df-00464394f583">La Jérusalem que Jésus a connue</p>
<cite>frère Dominique-Marie o.p.</cite></blockquote>
</div>
</div>



<p></p>

<p>Les conférences ont lieu à 21h dans l&rsquo;église Notre-Dame-des-Passes ➽ Samedi 9 août La douceur chrétienne sans contrefaçon Mercredi 13 août La Jérusalem que Jésus a connue</p>
