{"id":892,"date":"2023-08-09T13:15:18","date_gmt":"2023-08-09T11:15:18","guid":{"rendered":"https:\/\/weekop.dominicains.com\/?page_id=892"},"modified":"2025-08-06T12:04:41","modified_gmt":"2025-08-06T10:04:41","slug":"eglise-notre-dame-des-passes","status":"publish","type":"page","link":"https:\/\/weekop.dominicains.com\/index.php\/accueil\/qui-sommes-nous\/eglise-notre-dame-des-passes\/","title":{"rendered":"\u00c9glise Notre-Dame-des-Passes"},"content":{"rendered":"\n<p class=\"has-drop-cap\">Aujourd\u2019hui, l&rsquo;\u00e9glise Notre-Dame-des-Passes est l\u2019un des \u00e9l\u00e9ments majeurs du patrimoine religieux et culturel de Bassin d\u2019Arcachon. Elle prend ce nom pour garder les marins lors des passes, particuli\u00e8rement dangereuses, pour acc\u00e9der ou sortir du Bassin.<\/p>\n\n\n\n<p>Construite il y a 160 ans, elle est d\u00e8s l&rsquo;origine destin\u00e9e aux dominicains. Son style grec-orthodoxe rappelle les \u00e9glises byzantines que les religieux ont pu d\u00e9couvrir lors de leurs Missions au Moyen Orient.<\/p>\n\n\n\n<p>Face \u00e0 la population croissante du Moulleau, la chapelle fut agrandie en 1928 pour devenir \u00e9glise paroissiale.<\/p>\n\n\n\n<p>Les dominicains se rendent encore au Moulleau tous les ans au mois d&rsquo;ao\u00fbt, missionn\u00e9s par la Province de Toulouse, pour des pr\u00e9dications et des c\u00e9l\u00e9brations ponctu\u00e9es de soir\u00e9es conviviales et de s\u00e9ances sportives sur la plage : <strong>c&rsquo;est la Week OP<\/strong>.<\/p>\n\n\n<div class=\"wp-block-image\">\n<figure class=\"aligncenter size-full\"><img loading=\"lazy\" decoding=\"async\" width=\"638\" height=\"421\" src=\"https:\/\/weekop.dominicains.com\/wp-content\/uploads\/2019\/07\/Photo-1-ND-des-Passes.jpg\" alt=\"Le Moulleau\" class=\"wp-image-52\" srcset=\"https:\/\/weekop.dominicains.com\/wp-content\/uploads\/2019\/07\/Photo-1-ND-des-Passes.jpg 638w, https:\/\/weekop.dominicains.com\/wp-content\/uploads\/2019\/07\/Photo-1-ND-des-Passes-300x198.jpg 300w\" sizes=\"auto, (max-width: 638px) 85vw, 638px\" \/><figcaption class=\"wp-element-caption\">Le Moulleau\nNotre Dame des Passes<\/figcaption><\/figure>\n<\/div>","protected":false},"excerpt":{"rendered":"<p>Aujourd\u2019hui, l&rsquo;\u00e9glise Notre-Dame-des-Passes est l\u2019un des \u00e9l\u00e9ments majeurs du patrimoine religieux et culturel de Bassin d\u2019Arcachon. Elle prend ce nom pour garder les marins lors des passes, particuli\u00e8rement dangereuses, pour acc\u00e9der ou sortir du Bassin. Construite il y a 160 ans, elle est d\u00e8s l&rsquo;origine destin\u00e9e aux dominicains. Son style grec-orthodoxe rappelle les \u00e9glises byzantines &hellip; <a href=\"https:\/\/weekop.dominicains.com\/index.php\/accueil\/qui-sommes-nous\/eglise-notre-dame-des-passes\/\" class=\"more-link\">Continuer la lecture<span class=\"screen-reader-text\"> de &laquo;&nbsp;\u00c9glise Notre-Dame-des-Passes&nbsp;&raquo;<\/span><\/a><\/p>\n","protected":false},"author":1,"featured_media":0,"parent":141,"menu_order":0,"comment_status":"closed","ping_status":"closed","template":"","meta":{"footnotes":""},"class_list":["post-892","page","type-page","status-publish","hentry"],"_links":{"self":[{"href":"https:\/\/weekop.dominicains.com\/index.php\/wp-json\/wp\/v2\/pages\/892","targetHints":{"allow":["GET"]}}],"collection":[{"href":"https:\/\/weekop.dominicains.com\/index.php\/wp-json\/wp\/v2\/pages"}],"about":[{"href":"https:\/\/weekop.dominicains.com\/index.php\/wp-json\/wp\/v2\/types\/page"}],"author":[{"embeddable":true,"href":"https:\/\/weekop.dominicains.com\/index.php\/wp-json\/wp\/v2\/users\/1"}],"replies":[{"embeddable":true,"href":"https:\/\/weekop.dominicains.com\/index.php\/wp-json\/wp\/v2\/comments?post=892"}],"version-history":[{"count":10,"href":"https:\/\/weekop.dominicains.com\/index.php\/wp-json\/wp\/v2\/pages\/892\/revisions"}],"predecessor-version":[{"id":1526,"href":"https:\/\/weekop.dominicains.com\/index.php\/wp-json\/wp\/v2\/pages\/892\/revisions\/1526"}],"up":[{"embeddable":true,"href":"https:\/\/weekop.dominicains.com\/index.php\/wp-json\/wp\/v2\/pages\/141"}],"wp:attachment":[{"href":"https:\/\/weekop.dominicains.com\/index.php\/wp-json\/wp\/v2\/media?parent=892"}],"curies":[{"name":"wp","href":"https:\/\/api.w.org\/{rel}","templated":true}]}}