{"id":918,"date":"2023-08-09T13:44:21","date_gmt":"2023-08-09T11:44:21","guid":{"rendered":"https:\/\/weekop.dominicains.com\/?page_id=918"},"modified":"2025-08-07T11:17:09","modified_gmt":"2025-08-07T09:17:09","slug":"soirees","status":"publish","type":"page","link":"https:\/\/weekop.dominicains.com\/index.php\/accueil\/la-week-op-au-cap-ferret\/soirees\/","title":{"rendered":"Soir\u00e9es"},"content":{"rendered":"\n<h3 class=\"wp-block-heading has-text-align-center has-white-color has-text-color has-background has-link-color wp-elements-edb0cecd4a53a676df1712123cac6439\" style=\"background-color:#6eb3b0\">Mardi 12 ao\u00fbt<\/h3>\n\n\n\n<div class=\"wp-block-columns are-vertically-aligned-center is-not-stacked-on-mobile is-layout-flex wp-container-core-columns-is-layout-9d6595d7 wp-block-columns-is-layout-flex\">\n<div class=\"wp-block-column is-vertically-aligned-center is-layout-flow wp-block-column-is-layout-flow\" style=\"flex-basis:25%\">\n<p>21h00<\/p>\n<\/div>\n\n\n\n<div class=\"wp-block-column is-vertically-aligned-center is-layout-flow wp-block-column-is-layout-flow\" style=\"flex-basis:75%\">\n<p><a href=\"https:\/\/weekop.dominicains.com\/index.php\/la-week-op-au-cap-ferret\/diner-des-moines\/\">D\u00eener des moines<\/a><\/p>\n<\/div>\n<\/div>\n\n\n\n<div class=\"wp-block-columns are-vertically-aligned-center is-not-stacked-on-mobile is-layout-flex wp-container-core-columns-is-layout-9d6595d7 wp-block-columns-is-layout-flex\">\n<div class=\"wp-block-column is-vertically-aligned-center is-layout-flow wp-block-column-is-layout-flow\" style=\"flex-basis:25%\">\n<p>21h00<\/p>\n<\/div>\n\n\n\n<div class=\"wp-block-column is-vertically-aligned-center is-layout-flow wp-block-column-is-layout-flow\" style=\"flex-basis:75%\">\n<p>Conf\u00e9rence<br>L&rsquo;esp\u00e9rance est-elle au fond de la bouteille ?<br>&#8211; par <em>fr\u00e8re Marie-Ollivier o.p.<\/em><\/p>\n<\/div>\n<\/div>\n\n\n\n<h3 class=\"wp-block-heading has-text-align-center has-white-color has-text-color has-background has-link-color wp-elements-5a083587b1b641a723f9b49f7626e2ba\" style=\"background-color:#6eb3b0\">Mercredi 13 ao\u00fbt<\/h3>\n\n\n\n<div class=\"wp-block-columns are-vertically-aligned-center is-not-stacked-on-mobile is-layout-flex wp-container-core-columns-is-layout-9d6595d7 wp-block-columns-is-layout-flex\">\n<div class=\"wp-block-column is-vertically-aligned-center is-layout-flow wp-block-column-is-layout-flow\" style=\"flex-basis:25%\">\n<p>21h00<\/p>\n<\/div>\n\n\n\n<div class=\"wp-block-column is-vertically-aligned-center is-layout-flow wp-block-column-is-layout-flow\" style=\"flex-basis:75%\">\n<p><a href=\"https:\/\/weekop.dominicains.com\/index.php\/accueil\/prier\/confessions\/\">Soir\u00e9e Mis\u00e9ricorde<\/a><br>\u00c9glise Notre-Dame-des-Flots <a href=\"https:\/\/maps.app.goo.gl\/eRRsW79tRi2eTqBbA\">\u27bd<\/a><\/p>\n<\/div>\n<\/div>\n\n\n\n<h3 class=\"wp-block-heading has-text-align-center has-white-color has-text-color has-background has-link-color wp-elements-3fd0164594b83f0961a3c8ee835dd9c3\" style=\"background-color:#6eb3b0\">Jeudi 14 ao\u00fbt<\/h3>\n\n\n\n<p class=\"has-text-align-center has-text-color has-link-color wp-elements-be9743952beb639086b89a2d7ec0466e\" style=\"color:#153f6a\"><strong>Messes de vigiles de l&rsquo;Assomption :<\/strong><\/p>\n\n\n\n<div class=\"wp-block-columns are-vertically-aligned-center is-not-stacked-on-mobile is-layout-flex wp-container-core-columns-is-layout-9d6595d7 wp-block-columns-is-layout-flex\">\n<div class=\"wp-block-column is-vertically-aligned-center is-layout-flow wp-block-column-is-layout-flow\" style=\"flex-basis:25%\">\n<p class=\"has-text-align-center\">18h30<\/p>\n<\/div>\n\n\n\n<div class=\"wp-block-column is-vertically-aligned-center is-layout-flow wp-block-column-is-layout-flow\" style=\"flex-basis:75%\">\n<p>\u00c9glise Notre-Dame-des-Pins (Piquey) <a href=\"https:\/\/maps.app.goo.gl\/3thGqrZaqKqtLVFz9\">\u27bd<\/a><\/p>\n<\/div>\n<\/div>\n\n\n\n<div class=\"wp-block-columns are-vertically-aligned-center is-not-stacked-on-mobile is-layout-flex wp-container-core-columns-is-layout-9d6595d7 wp-block-columns-is-layout-flex\">\n<div class=\"wp-block-column is-vertically-aligned-center is-layout-flow wp-block-column-is-layout-flow\" style=\"flex-basis:25%\">\n<p class=\"has-text-align-center\">21h<\/p>\n<\/div>\n\n\n\n<div class=\"wp-block-column is-vertically-aligned-center is-layout-flow wp-block-column-is-layout-flow\" style=\"flex-basis:75%\">\n<p>\u00c9glise Notre-Dame-des-Flots <a href=\"https:\/\/maps.app.goo.gl\/eRRsW79tRi2eTqBbA\">\u27bd<\/a><\/p>\n<\/div>\n<\/div>\n","protected":false},"excerpt":{"rendered":"<p>Mardi 12 ao\u00fbt 21h00 D\u00eener des moines 21h00 Conf\u00e9renceL&rsquo;esp\u00e9rance est-elle au fond de la bouteille ?&#8211; par fr\u00e8re Marie-Ollivier o.p. Mercredi 13 ao\u00fbt 21h00 Soir\u00e9e Mis\u00e9ricorde\u00c9glise Notre-Dame-des-Flots \u27bd Jeudi 14 ao\u00fbt Messes de vigiles de l&rsquo;Assomption : 18h30 \u00c9glise Notre-Dame-des-Pins (Piquey) \u27bd 21h \u00c9glise Notre-Dame-des-Flots \u27bd<\/p>\n","protected":false},"author":1,"featured_media":0,"parent":297,"menu_order":0,"comment_status":"closed","ping_status":"closed","template":"","meta":{"footnotes":""},"class_list":["post-918","page","type-page","status-publish","hentry"],"_links":{"self":[{"href":"https:\/\/weekop.dominicains.com\/index.php\/wp-json\/wp\/v2\/pages\/918","targetHints":{"allow":["GET"]}}],"collection":[{"href":"https:\/\/weekop.dominicains.com\/index.php\/wp-json\/wp\/v2\/pages"}],"about":[{"href":"https:\/\/weekop.dominicains.com\/index.php\/wp-json\/wp\/v2\/types\/page"}],"author":[{"embeddable":true,"href":"https:\/\/weekop.dominicains.com\/index.php\/wp-json\/wp\/v2\/users\/1"}],"replies":[{"embeddable":true,"href":"https:\/\/weekop.dominicains.com\/index.php\/wp-json\/wp\/v2\/comments?post=918"}],"version-history":[{"count":24,"href":"https:\/\/weekop.dominicains.com\/index.php\/wp-json\/wp\/v2\/pages\/918\/revisions"}],"predecessor-version":[{"id":1696,"href":"https:\/\/weekop.dominicains.com\/index.php\/wp-json\/wp\/v2\/pages\/918\/revisions\/1696"}],"up":[{"embeddable":true,"href":"https:\/\/weekop.dominicains.com\/index.php\/wp-json\/wp\/v2\/pages\/297"}],"wp:attachment":[{"href":"https:\/\/weekop.dominicains.com\/index.php\/wp-json\/wp\/v2\/media?parent=918"}],"curies":[{"name":"wp","href":"https:\/\/api.w.org\/{rel}","templated":true}]}}

Soirées

<h3 class="wp-block-heading has-text-align-center has-white-color has-text-color has-background has-link-color wp-elements-edb0cecd4a53a676df1712123cac6439" style="background-color:#6eb3b0">Mardi 12 août</h3>



<div class="wp-block-columns are-vertically-aligned-center is-not-stacked-on-mobile is-layout-flex wp-container-core-columns-is-layout-9d6595d7 wp-block-columns-is-layout-flex">
<div class="wp-block-column is-vertically-aligned-center is-layout-flow wp-block-column-is-layout-flow" style="flex-basis:25%">
<p>21h00</p>
</div>



<div class="wp-block-column is-vertically-aligned-center is-layout-flow wp-block-column-is-layout-flow" style="flex-basis:75%">
<p><a href="https://weekop.dominicains.com/index.php/la-week-op-au-cap-ferret/diner-des-moines/">Dîner des moines</a></p>
</div>
</div>



<div class="wp-block-columns are-vertically-aligned-center is-not-stacked-on-mobile is-layout-flex wp-container-core-columns-is-layout-9d6595d7 wp-block-columns-is-layout-flex">
<div class="wp-block-column is-vertically-aligned-center is-layout-flow wp-block-column-is-layout-flow" style="flex-basis:25%">
<p>21h00</p>
</div>



<div class="wp-block-column is-vertically-aligned-center is-layout-flow wp-block-column-is-layout-flow" style="flex-basis:75%">
<p>Conférence<br>L&rsquo;espérance est-elle au fond de la bouteille ?<br>&#8211; par <em>frère Marie-Ollivier o.p.</em></p>
</div>
</div>



<h3 class="wp-block-heading has-text-align-center has-white-color has-text-color has-background has-link-color wp-elements-5a083587b1b641a723f9b49f7626e2ba" style="background-color:#6eb3b0">Mercredi 13 août</h3>



<div class="wp-block-columns are-vertically-aligned-center is-not-stacked-on-mobile is-layout-flex wp-container-core-columns-is-layout-9d6595d7 wp-block-columns-is-layout-flex">
<div class="wp-block-column is-vertically-aligned-center is-layout-flow wp-block-column-is-layout-flow" style="flex-basis:25%">
<p>21h00</p>
</div>



<div class="wp-block-column is-vertically-aligned-center is-layout-flow wp-block-column-is-layout-flow" style="flex-basis:75%">
<p><a href="https://weekop.dominicains.com/index.php/accueil/prier/confessions/">Soirée Miséricorde</a><br>Église Notre-Dame-des-Flots <a href="https://maps.app.goo.gl/eRRsW79tRi2eTqBbA">➽</a></p>
</div>
</div>



<h3 class="wp-block-heading has-text-align-center has-white-color has-text-color has-background has-link-color wp-elements-3fd0164594b83f0961a3c8ee835dd9c3" style="background-color:#6eb3b0">Jeudi 14 août</h3>



<p class="has-text-align-center has-text-color has-link-color wp-elements-be9743952beb639086b89a2d7ec0466e" style="color:#153f6a"><strong>Messes de vigiles de l&rsquo;Assomption :</strong></p>



<div class="wp-block-columns are-vertically-aligned-center is-not-stacked-on-mobile is-layout-flex wp-container-core-columns-is-layout-9d6595d7 wp-block-columns-is-layout-flex">
<div class="wp-block-column is-vertically-aligned-center is-layout-flow wp-block-column-is-layout-flow" style="flex-basis:25%">
<p class="has-text-align-center">18h30</p>
</div>



<div class="wp-block-column is-vertically-aligned-center is-layout-flow wp-block-column-is-layout-flow" style="flex-basis:75%">
<p>Église Notre-Dame-des-Pins (Piquey) <a href="https://maps.app.goo.gl/3thGqrZaqKqtLVFz9">➽</a></p>
</div>
</div>



<div class="wp-block-columns are-vertically-aligned-center is-not-stacked-on-mobile is-layout-flex wp-container-core-columns-is-layout-9d6595d7 wp-block-columns-is-layout-flex">
<div class="wp-block-column is-vertically-aligned-center is-layout-flow wp-block-column-is-layout-flow" style="flex-basis:25%">
<p class="has-text-align-center">21h</p>
</div>



<div class="wp-block-column is-vertically-aligned-center is-layout-flow wp-block-column-is-layout-flow" style="flex-basis:75%">
<p>Église Notre-Dame-des-Flots <a href="https://maps.app.goo.gl/eRRsW79tRi2eTqBbA">➽</a></p>
</div>
</div>

<p>Mardi 12 août 21h00 Dîner des moines 21h00 ConférenceL&rsquo;espérance est-elle au fond de la bouteille ?&#8211; par frère Marie-Ollivier o.p. Mercredi 13 août 21h00 Soirée MiséricordeÉglise Notre-Dame-des-Flots ➽ Jeudi 14 août Messes de vigiles de l&rsquo;Assomption : 18h30 Église Notre-Dame-des-Pins (Piquey) ➽ 21h Église Notre-Dame-des-Flots ➽</p>
