{"id":99,"date":"2019-08-01T14:46:11","date_gmt":"2019-08-01T12:46:11","guid":{"rendered":"http:\/\/weekop.dominicains.com\/?page_id=99"},"modified":"2025-08-07T11:18:28","modified_gmt":"2025-08-07T09:18:28","slug":"programme-des-soirees","status":"publish","type":"page","link":"https:\/\/weekop.dominicains.com\/index.php\/accueil\/programme\/programme-des-soirees\/","title":{"rendered":"Programme des soir\u00e9es"},"content":{"rendered":"\n<h3 class=\"wp-block-heading has-text-align-center has-dark-gray-color has-luminous-vivid-amber-to-luminous-vivid-orange-gradient-background has-text-color has-background has-link-color wp-elements-530f544105920a9bac81c7f2553897c1\"><a href=\"https:\/\/weekop.dominicains.com\/index.php\/accueil\/la-programmation\/08-aout\/\">Vendredi 8 ao\u00fbt<\/a><\/h3>\n\n\n\n<div class=\"wp-block-columns are-vertically-aligned-center is-not-stacked-on-mobile is-layout-flex wp-container-core-columns-is-layout-9d6595d7 wp-block-columns-is-layout-flex\">\n<div class=\"wp-block-column is-vertically-aligned-center is-layout-flow wp-block-column-is-layout-flow\" style=\"flex-basis:33.33%\">\n<p class=\"has-text-align-center\">20h30<\/p>\n<\/div>\n\n\n\n<div class=\"wp-block-column is-vertically-aligned-center is-layout-flow wp-block-column-is-layout-flow\" style=\"flex-basis:66.66%\">\n<p>Soir\u00e9e jeux de soci\u00e9t\u00e9<br><em>Sur le parvis de l\u2019\u00e9glise, en famille, pour les petits et pour les grands (apportez vos jeux !)<\/em><\/p>\n<\/div>\n<\/div>\n\n\n\n<h3 class=\"wp-block-heading has-text-align-center has-dark-gray-color has-luminous-vivid-amber-to-luminous-vivid-orange-gradient-background has-text-color has-background has-link-color wp-elements-f09ee51c456422ea18645b11b60e34c5\"><a href=\"https:\/\/weekop.dominicains.com\/index.php\/accueil\/la-programmation\/09-aout\/\">Samedi 9 ao\u00fbt<\/a><\/h3>\n\n\n\n<div class=\"wp-block-columns are-vertically-aligned-center is-not-stacked-on-mobile is-layout-flex wp-container-core-columns-is-layout-9d6595d7 wp-block-columns-is-layout-flex\">\n<div class=\"wp-block-column is-vertically-aligned-center is-layout-flow wp-block-column-is-layout-flow\" style=\"flex-basis:33.33%\">\n<p class=\"has-text-align-center\">21h<\/p>\n<\/div>\n\n\n\n<div class=\"wp-block-column is-vertically-aligned-center is-layout-flow wp-block-column-is-layout-flow\" style=\"flex-basis:66.66%\">\n<p><a href=\"https:\/\/weekop.dominicains.com\/index.php\/accueil\/se-former\/conference\/\">Conf\u00e9rence<\/a><br><em>La douceur chr\u00e9tienne sans contrefa\u00e7on<\/em><\/p>\n<\/div>\n<\/div>\n\n\n\n<h3 class=\"wp-block-heading has-text-align-center has-dark-gray-color has-luminous-vivid-amber-to-luminous-vivid-orange-gradient-background has-text-color has-background has-link-color wp-elements-df14794319c989b332caf88362330e14\"><a href=\"https:\/\/weekop.dominicains.com\/index.php\/accueil\/la-programmation\/10-aout\/\">Dimanche 10 ao\u00fbt<\/a><\/h3>\n\n\n\n<h3 class=\"wp-block-heading has-text-align-center has-text-color has-link-color wp-elements-fde277a8151be52dca9252015cbfe93a\" style=\"color:#153f6a\">Procession eucharistique<\/h3>\n\n\n\n<div class=\"wp-block-group has-white-color has-text-color has-background has-link-color wp-elements-c27d192bd1579b25f3a9a23a38b47858\" style=\"background-color:#153f6a\"><div class=\"wp-block-group__inner-container is-layout-constrained wp-block-group-is-layout-constrained\">\n<div class=\"wp-block-group\"><div class=\"wp-block-group__inner-container is-layout-constrained wp-block-group-is-layout-constrained\">\n<div class=\"wp-block-columns are-vertically-aligned-center is-not-stacked-on-mobile is-layout-flex wp-container-core-columns-is-layout-9d6595d7 wp-block-columns-is-layout-flex\">\n<div class=\"wp-block-column is-vertically-aligned-center is-layout-flow wp-block-column-is-layout-flow\" style=\"flex-basis:25%\">\n<p class=\"has-text-align-center\">20h<\/p>\n<\/div>\n\n\n\n<div class=\"wp-block-column is-vertically-aligned-center is-layout-flow wp-block-column-is-layout-flow\" style=\"flex-basis:75%\">\n<p><em>Rendez-vous au pied de la dune (c\u00f4t\u00e9 mer)<\/em>&nbsp;<a href=\"https:\/\/maps.app.goo.gl\/sJDqhzVE5BYrTmtN9\">\u27bd<\/a><\/p>\n<\/div>\n<\/div>\n<\/div><\/div>\n<\/div><\/div>\n\n\n\n<h3 class=\"wp-block-heading has-text-align-center has-dark-gray-color has-luminous-vivid-amber-to-luminous-vivid-orange-gradient-background has-text-color has-background has-link-color wp-elements-8577a26014d7212f1adf2545cdf75c90\"><a href=\"https:\/\/weekop.dominicains.com\/index.php\/accueil\/la-programmation\/11-aout\/\">Lundi 11 ao\u00fbt<\/a><\/h3>\n\n\n\n<div class=\"wp-block-columns are-vertically-aligned-center is-not-stacked-on-mobile is-layout-flex wp-container-core-columns-is-layout-9d6595d7 wp-block-columns-is-layout-flex\">\n<div class=\"wp-block-column is-vertically-aligned-center is-layout-flow wp-block-column-is-layout-flow\" style=\"flex-basis:25%\">\n<p class=\"has-text-align-center\">20h<\/p>\n<\/div>\n\n\n\n<div class=\"wp-block-column is-vertically-aligned-center is-layout-flow wp-block-column-is-layout-flow\" style=\"flex-basis:75%\">\n<p><a href=\"https:\/\/weekop.dominicains.com\/index.php\/accueil\/se-divertir\/diner-des-moines\/\">D\u00eener des moines<\/a><br>sur le parvis de l&rsquo;\u00e9glise Notre-Dame-des-Passes <a href=\"https:\/\/goo.gl\/maps\/cz9d15TEbXPP2Ba67\">\u27bd<\/a><\/p>\n<\/div>\n<\/div>\n\n\n\n<h3 class=\"wp-block-heading has-text-align-center has-dark-gray-color has-luminous-vivid-amber-to-luminous-vivid-orange-gradient-background has-text-color has-background has-link-color wp-elements-91f43c3caf345fe91093e9f10df5cdf9\"><a href=\"https:\/\/weekop.dominicains.com\/index.php\/accueil\/la-programmation\/12-aout\/\">Mardi 12 ao\u00fbt<\/a><\/h3>\n\n\n\n<div class=\"wp-block-columns are-vertically-aligned-center is-not-stacked-on-mobile is-layout-flex wp-container-core-columns-is-layout-9d6595d7 wp-block-columns-is-layout-flex\">\n<div class=\"wp-block-column is-vertically-aligned-center is-layout-flow wp-block-column-is-layout-flow\" style=\"flex-basis:25%\">\n<p class=\"has-text-align-center\">21h<\/p>\n<\/div>\n\n\n\n<div class=\"wp-block-column is-vertically-aligned-center is-layout-flow wp-block-column-is-layout-flow\" style=\"flex-basis:75%\">\n<p><a href=\"https:\/\/weekop.dominicains.com\/index.php\/accueil\/prier\/confessions\/\">Soir\u00e9e Mis\u00e9ricorde<\/a><br>\u00e0 l&rsquo;\u00e9glise Notre-Dame-des-Passes <a href=\"https:\/\/goo.gl\/maps\/cz9d15TEbXPP2Ba67\">\u27bd<\/a><\/p>\n<\/div>\n<\/div>\n\n\n\n<h3 class=\"wp-block-heading has-text-align-center has-dark-gray-color has-luminous-vivid-amber-to-luminous-vivid-orange-gradient-background has-text-color has-background has-link-color wp-elements-c34c2060df3f7d06f679aff439259608\"><a href=\"https:\/\/weekop.dominicains.com\/index.php\/accueil\/la-programmation\/13-aout\/\">Mercredi 13 ao\u00fbt<\/a><\/h3>\n\n\n\n<div class=\"wp-block-columns are-vertically-aligned-center is-not-stacked-on-mobile is-layout-flex wp-container-core-columns-is-layout-9d6595d7 wp-block-columns-is-layout-flex\">\n<div class=\"wp-block-column is-vertically-aligned-center is-layout-flow wp-block-column-is-layout-flow\" style=\"flex-basis:25%\">\n<p class=\"has-text-align-center\">21h<\/p>\n<\/div>\n\n\n\n<div class=\"wp-block-column is-vertically-aligned-center is-layout-flow wp-block-column-is-layout-flow\" style=\"flex-basis:75%\">\n<p><a href=\"https:\/\/weekop.dominicains.com\/index.php\/accueil\/se-former\/conference\/\">Conf\u00e9rence<\/a><br><em>La J\u00e9rusalem que J\u00e9sus a connue<\/em><\/p>\n<\/div>\n<\/div>\n\n\n\n<h3 class=\"wp-block-heading has-text-align-center has-dark-gray-color has-luminous-vivid-amber-to-luminous-vivid-orange-gradient-background has-text-color has-background has-link-color wp-elements-546997aa18f36533deaa0e901966a3ba\"><a href=\"https:\/\/weekop.dominicains.com\/index.php\/accueil\/la-programmation\/14-aout\/\">Jeudi 14 ao\u00fbt<\/a><\/h3>\n\n\n\n<h4 class=\"wp-block-heading has-text-align-center has-text-color has-link-color wp-elements-4bd01455f7f45135f38d6e4f5109bd53\" style=\"color:#153f6a\">Vigiles de l&rsquo;Assomption<\/h4>\n\n\n\n<div class=\"wp-block-group has-white-color has-text-color has-background has-link-color wp-elements-44ca798b9b573fb50adf20afaedebbec\" style=\"background-color:#153f6a\"><div class=\"wp-block-group__inner-container is-layout-constrained wp-block-group-is-layout-constrained\">\n<div class=\"wp-block-columns are-vertically-aligned-center is-not-stacked-on-mobile is-layout-flex wp-container-core-columns-is-layout-9d6595d7 wp-block-columns-is-layout-flex\">\n<div class=\"wp-block-column is-vertically-aligned-center is-layout-flow wp-block-column-is-layout-flow\" style=\"flex-basis:25%\">\n<p class=\"has-text-align-center\">21h<\/p>\n<\/div>\n\n\n\n<div class=\"wp-block-column is-vertically-aligned-center is-layout-flow wp-block-column-is-layout-flow\" style=\"flex-basis:75%\">\n<p><a href=\"https:\/\/www.aelf.org\/2025-08-15\/romain\/messe\">Messe<\/a> de Vigiles de l&rsquo;Assomption<br>Procession mariale <a href=\"https:\/\/maps.app.goo.gl\/QeWJuaWobVv7xXnL8\">\u27bd<\/a><\/p>\n<\/div>\n<\/div>\n<\/div><\/div>\n\n\n\n<p class=\"has-white-color has-text-color\">.<\/p>\n","protected":false},"excerpt":{"rendered":"<p>Vendredi 8 ao\u00fbt 20h30 Soir\u00e9e jeux de soci\u00e9t\u00e9Sur le parvis de l\u2019\u00e9glise, en famille, pour les petits et pour les grands (apportez vos jeux !) Samedi 9 ao\u00fbt 21h Conf\u00e9renceLa douceur chr\u00e9tienne sans contrefa\u00e7on Dimanche 10 ao\u00fbt Procession eucharistique 20h Rendez-vous au pied de la dune (c\u00f4t\u00e9 mer)&nbsp;\u27bd Lundi 11 ao\u00fbt 20h D\u00eener des moinessur &hellip; <a href=\"https:\/\/weekop.dominicains.com\/index.php\/accueil\/programme\/programme-des-soirees\/\" class=\"more-link\">Continuer la lecture<span class=\"screen-reader-text\"> de &laquo;&nbsp;Programme des soir\u00e9es&nbsp;&raquo;<\/span><\/a><\/p>\n","protected":false},"author":1,"featured_media":0,"parent":401,"menu_order":0,"comment_status":"closed","ping_status":"closed","template":"","meta":{"footnotes":""},"class_list":["post-99","page","type-page","status-publish","hentry"],"_links":{"self":[{"href":"https:\/\/weekop.dominicains.com\/index.php\/wp-json\/wp\/v2\/pages\/99","targetHints":{"allow":["GET"]}}],"collection":[{"href":"https:\/\/weekop.dominicains.com\/index.php\/wp-json\/wp\/v2\/pages"}],"about":[{"href":"https:\/\/weekop.dominicains.com\/index.php\/wp-json\/wp\/v2\/types\/page"}],"author":[{"embeddable":true,"href":"https:\/\/weekop.dominicains.com\/index.php\/wp-json\/wp\/v2\/users\/1"}],"replies":[{"embeddable":true,"href":"https:\/\/weekop.dominicains.com\/index.php\/wp-json\/wp\/v2\/comments?post=99"}],"version-history":[{"count":45,"href":"https:\/\/weekop.dominicains.com\/index.php\/wp-json\/wp\/v2\/pages\/99\/revisions"}],"predecessor-version":[{"id":1697,"href":"https:\/\/weekop.dominicains.com\/index.php\/wp-json\/wp\/v2\/pages\/99\/revisions\/1697"}],"up":[{"embeddable":true,"href":"https:\/\/weekop.dominicains.com\/index.php\/wp-json\/wp\/v2\/pages\/401"}],"wp:attachment":[{"href":"https:\/\/weekop.dominicains.com\/index.php\/wp-json\/wp\/v2\/media?parent=99"}],"curies":[{"name":"wp","href":"https:\/\/api.w.org\/{rel}","templated":true}]}}

Programme des soirées

<h3 class="wp-block-heading has-text-align-center has-dark-gray-color has-luminous-vivid-amber-to-luminous-vivid-orange-gradient-background has-text-color has-background has-link-color wp-elements-530f544105920a9bac81c7f2553897c1"><a href="https://weekop.dominicains.com/index.php/accueil/la-programmation/08-aout/">Vendredi 8 août</a></h3>



<div class="wp-block-columns are-vertically-aligned-center is-not-stacked-on-mobile is-layout-flex wp-container-core-columns-is-layout-9d6595d7 wp-block-columns-is-layout-flex">
<div class="wp-block-column is-vertically-aligned-center is-layout-flow wp-block-column-is-layout-flow" style="flex-basis:33.33%">
<p class="has-text-align-center">20h30</p>
</div>



<div class="wp-block-column is-vertically-aligned-center is-layout-flow wp-block-column-is-layout-flow" style="flex-basis:66.66%">
<p>Soirée jeux de société<br><em>Sur le parvis de l’église, en famille, pour les petits et pour les grands (apportez vos jeux !)</em></p>
</div>
</div>



<h3 class="wp-block-heading has-text-align-center has-dark-gray-color has-luminous-vivid-amber-to-luminous-vivid-orange-gradient-background has-text-color has-background has-link-color wp-elements-f09ee51c456422ea18645b11b60e34c5"><a href="https://weekop.dominicains.com/index.php/accueil/la-programmation/09-aout/">Samedi 9 août</a></h3>



<div class="wp-block-columns are-vertically-aligned-center is-not-stacked-on-mobile is-layout-flex wp-container-core-columns-is-layout-9d6595d7 wp-block-columns-is-layout-flex">
<div class="wp-block-column is-vertically-aligned-center is-layout-flow wp-block-column-is-layout-flow" style="flex-basis:33.33%">
<p class="has-text-align-center">21h</p>
</div>



<div class="wp-block-column is-vertically-aligned-center is-layout-flow wp-block-column-is-layout-flow" style="flex-basis:66.66%">
<p><a href="https://weekop.dominicains.com/index.php/accueil/se-former/conference/">Conférence</a><br><em>La douceur chrétienne sans contrefaçon</em></p>
</div>
</div>



<h3 class="wp-block-heading has-text-align-center has-dark-gray-color has-luminous-vivid-amber-to-luminous-vivid-orange-gradient-background has-text-color has-background has-link-color wp-elements-df14794319c989b332caf88362330e14"><a href="https://weekop.dominicains.com/index.php/accueil/la-programmation/10-aout/">Dimanche 10 août</a></h3>



<h3 class="wp-block-heading has-text-align-center has-text-color has-link-color wp-elements-fde277a8151be52dca9252015cbfe93a" style="color:#153f6a">Procession eucharistique</h3>



<div class="wp-block-group has-white-color has-text-color has-background has-link-color wp-elements-c27d192bd1579b25f3a9a23a38b47858" style="background-color:#153f6a"><div class="wp-block-group__inner-container is-layout-constrained wp-block-group-is-layout-constrained">
<div class="wp-block-group"><div class="wp-block-group__inner-container is-layout-constrained wp-block-group-is-layout-constrained">
<div class="wp-block-columns are-vertically-aligned-center is-not-stacked-on-mobile is-layout-flex wp-container-core-columns-is-layout-9d6595d7 wp-block-columns-is-layout-flex">
<div class="wp-block-column is-vertically-aligned-center is-layout-flow wp-block-column-is-layout-flow" style="flex-basis:25%">
<p class="has-text-align-center">20h</p>
</div>



<div class="wp-block-column is-vertically-aligned-center is-layout-flow wp-block-column-is-layout-flow" style="flex-basis:75%">
<p><em>Rendez-vous au pied de la dune (côté mer)</em>&nbsp;<a href="https://maps.app.goo.gl/sJDqhzVE5BYrTmtN9">➽</a></p>
</div>
</div>
</div></div>
</div></div>



<h3 class="wp-block-heading has-text-align-center has-dark-gray-color has-luminous-vivid-amber-to-luminous-vivid-orange-gradient-background has-text-color has-background has-link-color wp-elements-8577a26014d7212f1adf2545cdf75c90"><a href="https://weekop.dominicains.com/index.php/accueil/la-programmation/11-aout/">Lundi 11 août</a></h3>



<div class="wp-block-columns are-vertically-aligned-center is-not-stacked-on-mobile is-layout-flex wp-container-core-columns-is-layout-9d6595d7 wp-block-columns-is-layout-flex">
<div class="wp-block-column is-vertically-aligned-center is-layout-flow wp-block-column-is-layout-flow" style="flex-basis:25%">
<p class="has-text-align-center">20h</p>
</div>



<div class="wp-block-column is-vertically-aligned-center is-layout-flow wp-block-column-is-layout-flow" style="flex-basis:75%">
<p><a href="https://weekop.dominicains.com/index.php/accueil/se-divertir/diner-des-moines/">Dîner des moines</a><br>sur le parvis de l&rsquo;église Notre-Dame-des-Passes <a href="https://goo.gl/maps/cz9d15TEbXPP2Ba67">➽</a></p>
</div>
</div>



<h3 class="wp-block-heading has-text-align-center has-dark-gray-color has-luminous-vivid-amber-to-luminous-vivid-orange-gradient-background has-text-color has-background has-link-color wp-elements-91f43c3caf345fe91093e9f10df5cdf9"><a href="https://weekop.dominicains.com/index.php/accueil/la-programmation/12-aout/">Mardi 12 août</a></h3>



<div class="wp-block-columns are-vertically-aligned-center is-not-stacked-on-mobile is-layout-flex wp-container-core-columns-is-layout-9d6595d7 wp-block-columns-is-layout-flex">
<div class="wp-block-column is-vertically-aligned-center is-layout-flow wp-block-column-is-layout-flow" style="flex-basis:25%">
<p class="has-text-align-center">21h</p>
</div>



<div class="wp-block-column is-vertically-aligned-center is-layout-flow wp-block-column-is-layout-flow" style="flex-basis:75%">
<p><a href="https://weekop.dominicains.com/index.php/accueil/prier/confessions/">Soirée Miséricorde</a><br>à l&rsquo;église Notre-Dame-des-Passes <a href="https://goo.gl/maps/cz9d15TEbXPP2Ba67">➽</a></p>
</div>
</div>



<h3 class="wp-block-heading has-text-align-center has-dark-gray-color has-luminous-vivid-amber-to-luminous-vivid-orange-gradient-background has-text-color has-background has-link-color wp-elements-c34c2060df3f7d06f679aff439259608"><a href="https://weekop.dominicains.com/index.php/accueil/la-programmation/13-aout/">Mercredi 13 août</a></h3>



<div class="wp-block-columns are-vertically-aligned-center is-not-stacked-on-mobile is-layout-flex wp-container-core-columns-is-layout-9d6595d7 wp-block-columns-is-layout-flex">
<div class="wp-block-column is-vertically-aligned-center is-layout-flow wp-block-column-is-layout-flow" style="flex-basis:25%">
<p class="has-text-align-center">21h</p>
</div>



<div class="wp-block-column is-vertically-aligned-center is-layout-flow wp-block-column-is-layout-flow" style="flex-basis:75%">
<p><a href="https://weekop.dominicains.com/index.php/accueil/se-former/conference/">Conférence</a><br><em>La Jérusalem que Jésus a connue</em></p>
</div>
</div>



<h3 class="wp-block-heading has-text-align-center has-dark-gray-color has-luminous-vivid-amber-to-luminous-vivid-orange-gradient-background has-text-color has-background has-link-color wp-elements-546997aa18f36533deaa0e901966a3ba"><a href="https://weekop.dominicains.com/index.php/accueil/la-programmation/14-aout/">Jeudi 14 août</a></h3>



<h4 class="wp-block-heading has-text-align-center has-text-color has-link-color wp-elements-4bd01455f7f45135f38d6e4f5109bd53" style="color:#153f6a">Vigiles de l&rsquo;Assomption</h4>



<div class="wp-block-group has-white-color has-text-color has-background has-link-color wp-elements-44ca798b9b573fb50adf20afaedebbec" style="background-color:#153f6a"><div class="wp-block-group__inner-container is-layout-constrained wp-block-group-is-layout-constrained">
<div class="wp-block-columns are-vertically-aligned-center is-not-stacked-on-mobile is-layout-flex wp-container-core-columns-is-layout-9d6595d7 wp-block-columns-is-layout-flex">
<div class="wp-block-column is-vertically-aligned-center is-layout-flow wp-block-column-is-layout-flow" style="flex-basis:25%">
<p class="has-text-align-center">21h</p>
</div>



<div class="wp-block-column is-vertically-aligned-center is-layout-flow wp-block-column-is-layout-flow" style="flex-basis:75%">
<p><a href="https://www.aelf.org/2025-08-15/romain/messe">Messe</a> de Vigiles de l&rsquo;Assomption<br>Procession mariale <a href="https://maps.app.goo.gl/QeWJuaWobVv7xXnL8">➽</a></p>
</div>
</div>
</div></div>



<p class="has-white-color has-text-color">.</p>

<p>Vendredi 8 août 20h30 Soirée jeux de sociétéSur le parvis de l’église, en famille, pour les petits et pour les grands (apportez vos jeux !) Samedi 9 août 21h ConférenceLa douceur chrétienne sans contrefaçon Dimanche 10 août Procession eucharistique 20h Rendez-vous au pied de la dune (côté mer)&nbsp;➽ Lundi 11 août 20h Dîner des moinessur &hellip; <a href="https://weekop.dominicains.com/index.php/accueil/programme/programme-des-soirees/" class="more-link">Continuer la lecture<span class="screen-reader-text"> de &laquo;&nbsp;Programme des soirées&nbsp;&raquo;</span></a></p>
